{"id":123746,"date":"2024-03-08T08:54:59","date_gmt":"2024-03-08T07:54:59","guid":{"rendered":"https:\/\/www.ffos.unios.hr\/department-of-history\/mobilnost-nastavnika\/"},"modified":"2026-08-17T13:24:32","modified_gmt":"2026-08-17T11:24:32","slug":"teaching-staff-mobility","status":"publish","type":"page","link":"https:\/\/www.ffos.unios.hr\/en\/department-of-history\/teaching-staff-mobility\/","title":{"rendered":"Teaching Staff Mobility"},"content":{"rendered":"<p><strong>Outgoing Mobility<\/strong><\/p>\n<p><strong>Assoc. Prof. Sla\u0111ana Josipovi\u0107 Batorek, PhD<\/strong><\/p>\n<p>University of Ljubljana, Faculty of Arts (Ljubljana, Slovenia), <strong>Erasmus+<\/strong> research mobility from 28 June to 6 July 2023.<\/p>\n<p>&nbsp;<\/p>\n<p><strong>Assoc. Prof. Denis Njari, PhD<\/strong><\/p>\n<p>Historical Institute, University of Montenegro (Podgorica, Montenegro), <strong>CEEPUS<\/strong> teaching mobility, from 19 to 25 February 2024.<\/p>\n<p>E\u00f6tv\u00f6s Lor\u00e1nd University, Savaria Campus (Szombathely, Hungary), <strong>Erasmus+<\/strong> teaching mobility from 9 to 18 March 2023.<\/p>\n<p>Ludwig Maximilian University of Munich, Faculty of History and the Arts (Munich, Germany), <strong>Erasmus+<\/strong> teaching mobility from 8 to 16 February 2022.<\/p>\n<p>University of Ljubljana, Faculty of Arts (Ljubljana, Slovenia), <strong>Erasmus+<\/strong> teaching mobility from 1 to 8 September 2021.<\/p>\n<p>E\u00f6tv\u00f6s Lor\u00e1nd University, Faculty of Humanities, Institute of History (Budapest, Hungary), <strong>Erasmus+<\/strong> teaching mobility from 12 to 16 September 2019.<\/p>\n<p>University of P\u00e9cs (P\u00e9cs, Hungary), <strong>Erasmus+<\/strong> teaching mobility from 4 to 10 June 2018.<\/p>\n<p>&nbsp;<\/p>\n<p><strong>Asst. Prof. Luka Peji\u0107, PhD<\/strong><\/p>\n<p>International Institute of Social History (Amsterdam, the Netherlands), <strong>Erasmus+<\/strong> staff training from 13 to 17 September 2021.<\/p>\n<p>&nbsp;<\/p>\n<p><strong>Assoc. Prof. Domagoj Tomas, PhD<\/strong><\/p>\n<p>University of Ferrara (Ferrara, Italy), <strong>Erasmus+<\/strong> staff training from 13 to 26 April 2026.<\/p>\n<p>University of Mostar, Faculty of Humanities and Social Sciences (Mostar, Bosnia and Herzegovina), <strong>CEEPUS<\/strong> teaching mobility, from 2 to 7 April 2024.<\/p>\n<p>University of Ljubljana, Faculty of Arts (Ljubljana, Slovenia), <strong>Erasmus+<\/strong> staff training from 23 to 29 May 2022.<\/p>\n<p>Masaryk University (Brno, Czech Republic), <strong>Erasmus+<\/strong> staff training from 18 to 24 October 2021.<\/p>\n<p>Catholic University in Ru\u017eomberok (Ru\u017eomberok, Slovakia), <strong>Erasmus+<\/strong> staff training from 21 to 25 October 2018.<\/p>\n<p>&nbsp;<\/p>\n<p><strong>Asst. Prof. An\u0111elko Vla\u0161i\u0107, PhD<\/strong><\/p>\n<p>Mardin Artuklu University (Mardin, Turkey), <strong>Erasmus+<\/strong> staff training from 14 to 20 April 2024.<\/p>\n<p>Babe\u0219-Bolyai University (Cluj-Napoca, Romania), <strong>CEEPUS<\/strong> teaching mobility from 29 January to 2 February 2024.<\/p>\n<p>University of C\u00f3rdoba (C\u00f3rdoba, Spain), <strong>Erasmus+<\/strong> teaching mobility from 19 to 26 April 2023.<\/p>\n<p>Humboldt University of Berlin (Berlin, Germany), <strong>Erasmus+<\/strong> staff training from 8 to 15 May 2022.<\/p>\n<p>Heidelberg University (Heidelberg, Germany), <strong>Erasmus+<\/strong> teaching mobility from 20 to 26 June 2022.<\/p>\n<p>&nbsp;<\/p>\n<p><strong>Incoming Mobility<\/strong><\/p>\n<p>Asst. Prof. <strong>Sa\u0161o Dodevski, PhD<\/strong>, Institute of History, Faculty of Philosophy, Ss. Cyril and Methodius University in Skopje (Skopje, North Macedonia), <strong>CEEPUS<\/strong> teaching mobility from 3 to 10 March 2024.<\/p>\n<p><strong>Tomasz Jacek Lis, PhD<\/strong>, Jagiellonian University in Krak\u00f3w (Krak\u00f3w, Poland), <strong>CEEPUS<\/strong> teaching stay from 11 to 18 October 2023.<\/p>\n<p>Asst. Prof. <strong>Erdal \u00c7ift\u00e7i, PhD<\/strong>, Department of History, Mardin Artuklu University (Mardin, Turkey), <strong>Erasmus+<\/strong> teaching mobility from 16 to 20 May 2022.<\/p>\n<p>PhD student <strong>Emine Yi\u011fit<\/strong>, Mardin Artuklu University (Mardin, Turkey), <strong>Erasmus+<\/strong> doctoral scholarship, research mobility from 1 October 2021 to 28 February 2022.<\/p>\n<p>Assoc. Prof. <b>Marijan Premovi\u0107, PhD<\/b>, Faculty of Philosophy, University of Montenegro (Nik\u0161i\u0107, Montenegro), <b>Erasmus+<\/b> staff training from 12 to 17 October 2021.<\/p>\n<p><strong>D\u00e1niel Balizs, PhD<\/strong>, Budapest University of Technology and Economics (Budapest, Hungary), <strong>Bilateral Programme of Academic Mobility and Scholarships of the Government of the Republic of Croatia<\/strong>, research mobility from 1 January to 30 June 2021.<\/p>\n","protected":false},"excerpt":{"rendered":"<p>Outgoing Mobility Assoc. Prof. Sla\u0111ana Josipovi\u0107 Batorek, PhD University of Ljubljana, Faculty of Arts (Ljubljana, Slovenia), Erasmus+ research mobility from 28 June to 6 July 2023. &nbsp; Assoc. Prof. Denis Njari, PhD Historical Institute, University of Montenegro (Podgorica, Montenegro), CEEPUS teaching mobility, from 19 to 25 February 2024. E\u00f6tv\u00f6s Lor\u00e1nd University, Savaria Campus (Szombathely, Hungary), [&hellip;]<\/p>\n","protected":false},"author":19,"featured_media":123744,"parent":122937,"menu_order":0,"comment_status":"closed","ping_status":"closed","template":"","meta":{"_acf_changed":false,"footnotes":""},"class_list":["post-123746","page","type-page","status-publish","has-post-thumbnail","hentry"],"acf":[],"_links":{"self":[{"href":"https:\/\/www.ffos.unios.hr\/en\/wp-json\/wp\/v2\/pages\/123746","targetHints":{"allow":["GET"]}}],"collection":[{"href":"https:\/\/www.ffos.unios.hr\/en\/wp-json\/wp\/v2\/pages"}],"about":[{"href":"https:\/\/www.ffos.unios.hr\/en\/wp-json\/wp\/v2\/types\/page"}],"author":[{"embeddable":true,"href":"https:\/\/www.ffos.unios.hr\/en\/wp-json\/wp\/v2\/users\/19"}],"replies":[{"embeddable":true,"href":"https:\/\/www.ffos.unios.hr\/en\/wp-json\/wp\/v2\/comments?post=123746"}],"version-history":[{"count":2,"href":"https:\/\/www.ffos.unios.hr\/en\/wp-json\/wp\/v2\/pages\/123746\/revisions"}],"predecessor-version":[{"id":123748,"href":"https:\/\/www.ffos.unios.hr\/en\/wp-json\/wp\/v2\/pages\/123746\/revisions\/123748"}],"up":[{"embeddable":true,"href":"https:\/\/www.ffos.unios.hr\/en\/wp-json\/wp\/v2\/pages\/122937"}],"wp:featuredmedia":[{"embeddable":true,"href":"https:\/\/www.ffos.unios.hr\/en\/wp-json\/wp\/v2\/media\/123744"}],"wp:attachment":[{"href":"https:\/\/www.ffos.unios.hr\/en\/wp-json\/wp\/v2\/media?parent=123746"}],"curies":[{"name":"wp","href":"https:\/\/api.w.org\/{rel}","templated":true}]}}

<p><strong>Outgoing Mobility</strong></p>
<p><strong>Assoc. Prof. Slađana Josipović Batorek, PhD</strong></p>
<p>University of Ljubljana, Faculty of Arts (Ljubljana, Slovenia), <strong>Erasmus+</strong> research mobility from 28 June to 6 July 2023.</p>
<p>&nbsp;</p>
<p><strong>Assoc. Prof. Denis Njari, PhD</strong></p>
<p>Historical Institute, University of Montenegro (Podgorica, Montenegro), <strong>CEEPUS</strong> teaching mobility, from 19 to 25 February 2024.</p>
<p>Eötvös Loránd University, Savaria Campus (Szombathely, Hungary), <strong>Erasmus+</strong> teaching mobility from 9 to 18 March 2023.</p>
<p>Ludwig Maximilian University of Munich, Faculty of History and the Arts (Munich, Germany), <strong>Erasmus+</strong> teaching mobility from 8 to 16 February 2022.</p>
<p>University of Ljubljana, Faculty of Arts (Ljubljana, Slovenia), <strong>Erasmus+</strong> teaching mobility from 1 to 8 September 2021.</p>
<p>Eötvös Loránd University, Faculty of Humanities, Institute of History (Budapest, Hungary), <strong>Erasmus+</strong> teaching mobility from 12 to 16 September 2019.</p>
<p>University of Pécs (Pécs, Hungary), <strong>Erasmus+</strong> teaching mobility from 4 to 10 June 2018.</p>
<p>&nbsp;</p>
<p><strong>Asst. Prof. Luka Pejić, PhD</strong></p>
<p>International Institute of Social History (Amsterdam, the Netherlands), <strong>Erasmus+</strong> staff training from 13 to 17 September 2021.</p>
<p>&nbsp;</p>
<p><strong>Assoc. Prof. Domagoj Tomas, PhD</strong></p>
<p>University of Ferrara (Ferrara, Italy), <strong>Erasmus+</strong> staff training from 13 to 26 April 2026.</p>
<p>University of Mostar, Faculty of Humanities and Social Sciences (Mostar, Bosnia and Herzegovina), <strong>CEEPUS</strong> teaching mobility, from 2 to 7 April 2024.</p>
<p>University of Ljubljana, Faculty of Arts (Ljubljana, Slovenia), <strong>Erasmus+</strong> staff training from 23 to 29 May 2022.</p>
<p>Masaryk University (Brno, Czech Republic), <strong>Erasmus+</strong> staff training from 18 to 24 October 2021.</p>
<p>Catholic University in Ružomberok (Ružomberok, Slovakia), <strong>Erasmus+</strong> staff training from 21 to 25 October 2018.</p>
<p>&nbsp;</p>
<p><strong>Asst. Prof. Anđelko Vlašić, PhD</strong></p>
<p>Mardin Artuklu University (Mardin, Turkey), <strong>Erasmus+</strong> staff training from 14 to 20 April 2024.</p>
<p>Babeș-Bolyai University (Cluj-Napoca, Romania), <strong>CEEPUS</strong> teaching mobility from 29 January to 2 February 2024.</p>
<p>University of Córdoba (Córdoba, Spain), <strong>Erasmus+</strong> teaching mobility from 19 to 26 April 2023.</p>
<p>Humboldt University of Berlin (Berlin, Germany), <strong>Erasmus+</strong> staff training from 8 to 15 May 2022.</p>
<p>Heidelberg University (Heidelberg, Germany), <strong>Erasmus+</strong> teaching mobility from 20 to 26 June 2022.</p>
<p>&nbsp;</p>
<p><strong>Incoming Mobility</strong></p>
<p>Asst. Prof. <strong>Sašo Dodevski, PhD</strong>, Institute of History, Faculty of Philosophy, Ss. Cyril and Methodius University in Skopje (Skopje, North Macedonia), <strong>CEEPUS</strong> teaching mobility from 3 to 10 March 2024.</p>
<p><strong>Tomasz Jacek Lis, PhD</strong>, Jagiellonian University in Kraków (Kraków, Poland), <strong>CEEPUS</strong> teaching stay from 11 to 18 October 2023.</p>
<p>Asst. Prof. <strong>Erdal Çiftçi, PhD</strong>, Department of History, Mardin Artuklu University (Mardin, Turkey), <strong>Erasmus+</strong> teaching mobility from 16 to 20 May 2022.</p>
<p>PhD student <strong>Emine Yiğit</strong>, Mardin Artuklu University (Mardin, Turkey), <strong>Erasmus+</strong> doctoral scholarship, research mobility from 1 October 2021 to 28 February 2022.</p>
<p>Assoc. Prof. <b>Marijan Premović, PhD</b>, Faculty of Philosophy, University of Montenegro (Nikšić, Montenegro), <b>Erasmus+</b> staff training from 12 to 17 October 2021.</p>
<p><strong>Dániel Balizs, PhD</strong>, Budapest University of Technology and Economics (Budapest, Hungary), <strong>Bilateral Programme of Academic Mobility and Scholarships of the Government of the Republic of Croatia</strong>, research mobility from 1 January to 30 June 2021.</p>

<p>Outgoing Mobility Assoc. Prof. Slađana Josipović Batorek, PhD University of Ljubljana, Faculty of Arts (Ljubljana, Slovenia), Erasmus+ research mobility from 28 June to 6 July 2023. &nbsp; Assoc. Prof. Denis Njari, PhD Historical Institute, University of Montenegro (Podgorica, Montenegro), CEEPUS teaching mobility, from 19 to 25 February 2024. Eötvös Loránd University, Savaria Campus (Szombathely, Hungary), [&hellip;]</p>
