{"id":123800,"date":"2021-08-31T09:50:34","date_gmt":"2021-08-31T07:50:34","guid":{"rendered":"https:\/\/www.ffos.unios.hr\/department-of-history\/research-activities\/projekti\/"},"modified":"2026-08-17T14:02:43","modified_gmt":"2026-08-17T12:02:43","slug":"projects","status":"publish","type":"page","link":"https:\/\/www.ffos.unios.hr\/en\/department-of-history\/research-activities\/projects\/","title":{"rendered":"Projects"},"content":{"rendered":"<p style=\"text-align: justify;\"><strong>Projects led by members of the Department of History<\/strong><\/p>\n<p style=\"text-align: justify;\">Croatian Science Foundation (HRZZ) &#8211; research project IP-2022-10-8014, <a href=\"https:\/\/evliyaecro.ffos.hr\/\" rel=\"noopener\">&#8220;Evliya \u00c7elebi and Eastern Croatia in the 17<sup>th<\/sup> Century&#8221;<\/a> (2023 &#8211; 2027). Project leader: Asst. Prof. An\u0111elko Vla\u0161i\u0107, PhD.<\/p>\n<p style=\"text-align: justify;\">Internal research project of the Faculty of Humanities and Social Sciences in Osijek, FFOS-004, <a href=\"https:\/\/dib.ffos.hr\/\" rel=\"noopener\">&#8220;Societies and Diseases: Responses to Health Crises in Modern and Contemporary History&#8221;<\/a> (2022 &#8211; 2023). Project leader: Luka Peji\u0107, PhD.<\/p>\n<p style=\"text-align: justify;\">NRRP project, 581-UNIOS-63, <a href=\"https:\/\/www.ffos.unios.hr\/en\/science-portal\/npoo-projects\/croatia-and-europe-through-history-transfer-of-ideas-and-cultural-exchange\/\">&#8220;Croatia and Europe through History &#8211; Transfer of Ideas and Cultural Exchange&#8221;<\/a> (2025 &#8211; 2029). Project leader: Assoc. Prof. Domagoj Tomas, PhD.<\/p>\n<p style=\"text-align: justify;\"><strong>Participation in projects<\/strong><\/p>\n<p style=\"text-align: justify;\">Research Group Linkage Programme of the Alexander von Humboldt Foundation &#8211; participation in the project &#8220;Regional Translocality in Historical Perspective: The Case of Slavonia and Bosnia&#8221; (2022 &#8211; 2025) &#8211; Asst. Prof. An\u0111elko Vla\u0161i\u0107, PhD<\/p>\n<p style=\"text-align: justify;\">Croatian Science Foundation (HRZZ) &#8211; participation in research project IP-2020-02-3333, &#8220;S(c)lavoni(j)a: Name, Scope and Border Position in the Middle and Early Modern Ages&#8221; &#8211; Asst. Prof. An\u0111elko Vla\u0161i\u0107, PhD<\/p>\n<p style=\"text-align: justify;\">ELTE Savaria University Centre (Szombathely) &#8211; participation in project EFOP 3.4.3. (&#8220;Emberi Er\u0151forr\u00e1s Fejleszt\u00e9si Operat\u00edv Program&#8221;) &#8211; Assoc. Prof. Denis Njari, PhD<\/p>\n<p style=\"text-align: justify;\"><span class=\"st\">Justus Liebig University Giessen &#8211;<\/span> participation in the GIP project (DAAD project no.: 57338369) &#8220;Spuren deutscher Sprache, Literatur und Kultur in Kroatien&#8221; (&#8220;Traces of German Language, Literature and Culture in Croatia&#8221;) &#8211; Assoc. Prof. Sla\u0111ana Josipovi\u0107 Batorek, PhD, and Sergej Filipovi\u0107, Assistant<\/p>\n<p>Croatian Science Foundation (HRZZ) \u2013 participation in research project IP-2014-09-6719, &#8220;From Primeval Forests to Arable Land: The History of the Anthropisation of Forests in Slavonia from the Middle Ages to the Beginning of the 20th Century&#8221; \u2013 Asst. Prof. An\u0111elko Vla\u0161i\u0107, PhD<\/p>\n","protected":false},"excerpt":{"rendered":"<p>Projects led by members of the Department of History Croatian Science Foundation (HRZZ) &#8211; research project IP-2022-10-8014, &#8220;Evliya \u00c7elebi and Eastern Croatia in the 17th Century&#8221; (2023 &#8211; 2027). Project leader: Asst. Prof. An\u0111elko Vla\u0161i\u0107, PhD. Internal research project of the Faculty of Humanities and Social Sciences in Osijek, FFOS-004, &#8220;Societies and Diseases: Responses to [&hellip;]<\/p>\n","protected":false},"author":19,"featured_media":123798,"parent":123751,"menu_order":0,"comment_status":"closed","ping_status":"closed","template":"","meta":{"_acf_changed":false,"footnotes":""},"class_list":["post-123800","page","type-page","status-publish","has-post-thumbnail","hentry"],"acf":[],"_links":{"self":[{"href":"https:\/\/www.ffos.unios.hr\/en\/wp-json\/wp\/v2\/pages\/123800","targetHints":{"allow":["GET"]}}],"collection":[{"href":"https:\/\/www.ffos.unios.hr\/en\/wp-json\/wp\/v2\/pages"}],"about":[{"href":"https:\/\/www.ffos.unios.hr\/en\/wp-json\/wp\/v2\/types\/page"}],"author":[{"embeddable":true,"href":"https:\/\/www.ffos.unios.hr\/en\/wp-json\/wp\/v2\/users\/19"}],"replies":[{"embeddable":true,"href":"https:\/\/www.ffos.unios.hr\/en\/wp-json\/wp\/v2\/comments?post=123800"}],"version-history":[{"count":1,"href":"https:\/\/www.ffos.unios.hr\/en\/wp-json\/wp\/v2\/pages\/123800\/revisions"}],"predecessor-version":[{"id":123801,"href":"https:\/\/www.ffos.unios.hr\/en\/wp-json\/wp\/v2\/pages\/123800\/revisions\/123801"}],"up":[{"embeddable":true,"href":"https:\/\/www.ffos.unios.hr\/en\/wp-json\/wp\/v2\/pages\/123751"}],"wp:featuredmedia":[{"embeddable":true,"href":"https:\/\/www.ffos.unios.hr\/en\/wp-json\/wp\/v2\/media\/123798"}],"wp:attachment":[{"href":"https:\/\/www.ffos.unios.hr\/en\/wp-json\/wp\/v2\/media?parent=123800"}],"curies":[{"name":"wp","href":"https:\/\/api.w.org\/{rel}","templated":true}]}}

<p style="text-align: justify;"><strong>Projects led by members of the Department of History</strong></p>
<p style="text-align: justify;">Croatian Science Foundation (HRZZ) &#8211; research project IP-2022-10-8014, <a href="https://evliyaecro.ffos.hr/" rel="noopener">&#8220;Evliya Çelebi and Eastern Croatia in the 17<sup>th</sup> Century&#8221;</a> (2023 &#8211; 2027). Project leader: Asst. Prof. Anđelko Vlašić, PhD.</p>
<p style="text-align: justify;">Internal research project of the Faculty of Humanities and Social Sciences in Osijek, FFOS-004, <a href="https://dib.ffos.hr/" rel="noopener">&#8220;Societies and Diseases: Responses to Health Crises in Modern and Contemporary History&#8221;</a> (2022 &#8211; 2023). Project leader: Luka Pejić, PhD.</p>
<p style="text-align: justify;">NRRP project, 581-UNIOS-63, <a href="https://www.ffos.unios.hr/en/science-portal/npoo-projects/croatia-and-europe-through-history-transfer-of-ideas-and-cultural-exchange/">&#8220;Croatia and Europe through History &#8211; Transfer of Ideas and Cultural Exchange&#8221;</a> (2025 &#8211; 2029). Project leader: Assoc. Prof. Domagoj Tomas, PhD.</p>
<p style="text-align: justify;"><strong>Participation in projects</strong></p>
<p style="text-align: justify;">Research Group Linkage Programme of the Alexander von Humboldt Foundation &#8211; participation in the project &#8220;Regional Translocality in Historical Perspective: The Case of Slavonia and Bosnia&#8221; (2022 &#8211; 2025) &#8211; Asst. Prof. Anđelko Vlašić, PhD</p>
<p style="text-align: justify;">Croatian Science Foundation (HRZZ) &#8211; participation in research project IP-2020-02-3333, &#8220;S(c)lavoni(j)a: Name, Scope and Border Position in the Middle and Early Modern Ages&#8221; &#8211; Asst. Prof. Anđelko Vlašić, PhD</p>
<p style="text-align: justify;">ELTE Savaria University Centre (Szombathely) &#8211; participation in project EFOP 3.4.3. (&#8220;Emberi Erőforrás Fejlesztési Operatív Program&#8221;) &#8211; Assoc. Prof. Denis Njari, PhD</p>
<p style="text-align: justify;"><span class="st">Justus Liebig University Giessen &#8211;</span> participation in the GIP project (DAAD project no.: 57338369) &#8220;Spuren deutscher Sprache, Literatur und Kultur in Kroatien&#8221; (&#8220;Traces of German Language, Literature and Culture in Croatia&#8221;) &#8211; Assoc. Prof. Slađana Josipović Batorek, PhD, and Sergej Filipović, Assistant</p>
<p>Croatian Science Foundation (HRZZ) – participation in research project IP-2014-09-6719, &#8220;From Primeval Forests to Arable Land: The History of the Anthropisation of Forests in Slavonia from the Middle Ages to the Beginning of the 20th Century&#8221; – Asst. Prof. Anđelko Vlašić, PhD</p>

<p>Projects led by members of the Department of History Croatian Science Foundation (HRZZ) &#8211; research project IP-2022-10-8014, &#8220;Evliya Çelebi and Eastern Croatia in the 17th Century&#8221; (2023 &#8211; 2027). Project leader: Asst. Prof. Anđelko Vlašić, PhD. Internal research project of the Faculty of Humanities and Social Sciences in Osijek, FFOS-004, &#8220;Societies and Diseases: Responses to [&hellip;]</p>
