{"id":123810,"date":"2021-08-31T09:55:08","date_gmt":"2021-08-31T07:55:08","guid":{"rendered":"https:\/\/www.ffos.unios.hr\/department-of-history\/research-activities\/skupovi\/"},"modified":"2026-08-17T14:18:08","modified_gmt":"2026-08-17T12:18:08","slug":"conferences","status":"publish","type":"page","link":"https:\/\/www.ffos.unios.hr\/en\/department-of-history\/research-activities\/conferences\/","title":{"rendered":"Conferences"},"content":{"rendered":"<div class=\"col-md-10 col-sm-9\">\n<div class=\"page-content thumbnail\">\n<p class=\"excerpt\" style=\"text-align: justify;\"><strong>Academic and professional conferences (co-)organised by the Department of History of the Faculty of Humanities and Social Sciences in Osijek:<\/strong><\/p>\n<p><span class=\"st\">Dialogue of Historians<\/span> 10 (Osijek, 22 &#8211; 25 September 2005)<\/p>\n<p><strong><a href=\"http:\/\/baza.gskos.hr\/knjige\/ZBORNIKmail.pdf\" rel=\"noopener\">Syrmia in the First World War 1914 &#8211; 1918 (Vukovar, 9 June 2015)<\/a><\/strong><\/p>\n<p><strong><span class=\"st\"><a href=\"https:\/\/www.ffos.unios.hr\/download\/ffos-vojnici-plakat-skupa-s-programom.jpg\">Soldiers and Military Life in Serial Sources from the 16th Century to 1918 (Osijek, 22 November 2016)<\/a><\/span><\/strong><\/p>\n<p><strong><span class=\"st\"><a href=\"http:\/\/hipsb.hr\/wp-content\/uploads\/2017\/10\/Reformacija-programska-knji%C5%BEica-final.pdf\" rel=\"noopener\">The Reformation in Europe and Its Echoes: On the 500th Anniversary of Luther&#8217;s Theses (Osijek, 19 &#8211; 20 October 2017)<\/a><\/span><\/strong><\/p>\n<p><strong><span class=\"st\"><a href=\"https:\/\/www.ffos.unios.hr\/download\/listopad-program-skupa.docx\">Croatian-Hungarian Interregional Research. Research into the Reception of Croatian and Hungarian History\/Horv\u00e1t-magyar interregion\u00e1lis kutat\u00e1sok. A horv\u00e1t \u00e9s a magyar t\u00f6rt\u00e9nelem recepci\u00f3j\u00e1nak vizsg\u00e1lata (Osijek, 26 October 2018)<\/a><\/span><\/strong><\/p>\n<p><strong><a href=\"http:\/\/hipsb.hr\/baranja-povijest-znanstveni-skup-povodu-100-obljetnice-podjele-baranje-prema-trianonsko-ugovoru-1920-prvi-poziv\/\" rel=\"noopener\">Baranja through History (Osijek, 21 &#8211; 23 May 2020)<\/a><\/strong><\/p>\n<p><strong><a href=\"https:\/\/www.ffos.unios.hr\/odrzan-znanstveni-skup-lokalna-vlast-i-samouprava-u-povijesti-slavonije-srijema-i-baranje\/\">Local Government and Self-Government in the History of Slavonia, Syrmia and Baranja (Osijek, 22 &#8211; 23 September 2022)<\/a><\/strong><\/p>\n<p><strong><a href=\"https:\/\/dib.ffos.hr\/znanstveni-skup\/\" rel=\"noopener\">Societies and Diseases: Responses to Health Crises in Modern and Contemporary History (Osijek, 20 &#8211; 21 April 2023)<\/a><\/strong><\/p>\n<p><strong><a href=\"https:\/\/www.ffos.unios.hr\/na-ffos-u-odrzan-50-medunarodni-kulturno-povijesni-simpozij-mogersdorf\/\">50th International Cultural-Historical Symposium Mogersdorf<\/a><\/strong><\/p>\n<p><a href=\"https:\/\/www.ffos.unios.hr\/vii-kongres-hrvatskih-povjesnicara\/\"><strong>7th Congress of Croatian Historians (Osijek, 25 &#8211; 28 September 2024)<\/strong><\/a><\/p>\n<p><strong><a href=\"https:\/\/evliyaecro.ffos.hr\/znanstveni-skup\/\" rel=\"noopener\">Evliya \u00c7elebi and Eastern Croatia in the 17th Century (Osijek, 14 &#8211; 15 November 2024)<\/a><\/strong><\/p>\n<p>&nbsp;<\/p>\n<p style=\"text-align: justify;\"><img decoding=\"async\" class=\"wp-image-48753\" src=\"https:\/\/www.ffos.unios.hr\/wp-content\/uploads\/2022\/12\/skup-ffos-povijest-6-scaled-1-1024x590.jpg\" alt=\"\" width=\"750\" height=\"432\" srcset=\"https:\/\/www.ffos.unios.hr\/wp-content\/uploads\/2022\/12\/skup-ffos-povijest-6-scaled-1-1024x590.jpg 1024w, https:\/\/www.ffos.unios.hr\/wp-content\/uploads\/2022\/12\/skup-ffos-povijest-6-scaled-1-300x173.jpg 300w, https:\/\/www.ffos.unios.hr\/wp-content\/uploads\/2022\/12\/skup-ffos-povijest-6-scaled-1-768x443.jpg 768w, https:\/\/www.ffos.unios.hr\/wp-content\/uploads\/2022\/12\/skup-ffos-povijest-6-scaled-1-1536x886.jpg 1536w, https:\/\/www.ffos.unios.hr\/wp-content\/uploads\/2022\/12\/skup-ffos-povijest-6-scaled-1-2048x1181.jpg 2048w\" sizes=\"(max-width: 750px) 100vw, 750px\" \/><\/p>\n<\/div>\n<\/div>\n<p>&nbsp;<\/p>\n","protected":false},"excerpt":{"rendered":"<p>Academic and professional conferences (co-)organised by the Department of History of the Faculty of Humanities and Social Sciences in Osijek: Dialogue of Historians 10 (Osijek, 22 &#8211; 25 September 2005) Syrmia in the First World War 1914 &#8211; 1918 (Vukovar, 9 June 2015) Soldiers and Military Life in Serial Sources from the 16th Century to [&hellip;]<\/p>\n","protected":false},"author":19,"featured_media":0,"parent":123751,"menu_order":0,"comment_status":"closed","ping_status":"closed","template":"","meta":{"_acf_changed":false,"footnotes":""},"class_list":["post-123810","page","type-page","status-publish","hentry"],"acf":[],"_links":{"self":[{"href":"https:\/\/www.ffos.unios.hr\/en\/wp-json\/wp\/v2\/pages\/123810","targetHints":{"allow":["GET"]}}],"collection":[{"href":"https:\/\/www.ffos.unios.hr\/en\/wp-json\/wp\/v2\/pages"}],"about":[{"href":"https:\/\/www.ffos.unios.hr\/en\/wp-json\/wp\/v2\/types\/page"}],"author":[{"embeddable":true,"href":"https:\/\/www.ffos.unios.hr\/en\/wp-json\/wp\/v2\/users\/19"}],"replies":[{"embeddable":true,"href":"https:\/\/www.ffos.unios.hr\/en\/wp-json\/wp\/v2\/comments?post=123810"}],"version-history":[{"count":2,"href":"https:\/\/www.ffos.unios.hr\/en\/wp-json\/wp\/v2\/pages\/123810\/revisions"}],"predecessor-version":[{"id":123812,"href":"https:\/\/www.ffos.unios.hr\/en\/wp-json\/wp\/v2\/pages\/123810\/revisions\/123812"}],"up":[{"embeddable":true,"href":"https:\/\/www.ffos.unios.hr\/en\/wp-json\/wp\/v2\/pages\/123751"}],"wp:attachment":[{"href":"https:\/\/www.ffos.unios.hr\/en\/wp-json\/wp\/v2\/media?parent=123810"}],"curies":[{"name":"wp","href":"https:\/\/api.w.org\/{rel}","templated":true}]}}

<div class="col-md-10 col-sm-9">
<div class="page-content thumbnail">
<p class="excerpt" style="text-align: justify;"><strong>Academic and professional conferences (co-)organised by the Department of History of the Faculty of Humanities and Social Sciences in Osijek:</strong></p>
<p><span class="st">Dialogue of Historians</span> 10 (Osijek, 22 &#8211; 25 September 2005)</p>
<p><strong><a href="http://baza.gskos.hr/knjige/ZBORNIKmail.pdf" rel="noopener">Syrmia in the First World War 1914 &#8211; 1918 (Vukovar, 9 June 2015)</a></strong></p>
<p><strong><span class="st"><a href="https://www.ffos.unios.hr/download/ffos-vojnici-plakat-skupa-s-programom.jpg">Soldiers and Military Life in Serial Sources from the 16th Century to 1918 (Osijek, 22 November 2016)</a></span></strong></p>
<p><strong><span class="st"><a href="http://hipsb.hr/wp-content/uploads/2017/10/Reformacija-programska-knji%C5%BEica-final.pdf" rel="noopener">The Reformation in Europe and Its Echoes: On the 500th Anniversary of Luther&#8217;s Theses (Osijek, 19 &#8211; 20 October 2017)</a></span></strong></p>
<p><strong><span class="st"><a href="https://www.ffos.unios.hr/download/listopad-program-skupa.docx">Croatian-Hungarian Interregional Research. Research into the Reception of Croatian and Hungarian History/Horvát-magyar interregionális kutatások. A horvát és a magyar történelem recepciójának vizsgálata (Osijek, 26 October 2018)</a></span></strong></p>
<p><strong><a href="http://hipsb.hr/baranja-povijest-znanstveni-skup-povodu-100-obljetnice-podjele-baranje-prema-trianonsko-ugovoru-1920-prvi-poziv/" rel="noopener">Baranja through History (Osijek, 21 &#8211; 23 May 2020)</a></strong></p>
<p><strong><a href="https://www.ffos.unios.hr/odrzan-znanstveni-skup-lokalna-vlast-i-samouprava-u-povijesti-slavonije-srijema-i-baranje/">Local Government and Self-Government in the History of Slavonia, Syrmia and Baranja (Osijek, 22 &#8211; 23 September 2022)</a></strong></p>
<p><strong><a href="https://dib.ffos.hr/znanstveni-skup/" rel="noopener">Societies and Diseases: Responses to Health Crises in Modern and Contemporary History (Osijek, 20 &#8211; 21 April 2023)</a></strong></p>
<p><strong><a href="https://www.ffos.unios.hr/na-ffos-u-odrzan-50-medunarodni-kulturno-povijesni-simpozij-mogersdorf/">50th International Cultural-Historical Symposium Mogersdorf</a></strong></p>
<p><a href="https://www.ffos.unios.hr/vii-kongres-hrvatskih-povjesnicara/"><strong>7th Congress of Croatian Historians (Osijek, 25 &#8211; 28 September 2024)</strong></a></p>
<p><strong><a href="https://evliyaecro.ffos.hr/znanstveni-skup/" rel="noopener">Evliya Çelebi and Eastern Croatia in the 17th Century (Osijek, 14 &#8211; 15 November 2024)</a></strong></p>
<p>&nbsp;</p>
<p style="text-align: justify;"><img decoding="async" class="wp-image-48753" src="https://www.ffos.unios.hr/wp-content/uploads/2022/12/skup-ffos-povijest-6-scaled-1-1024x590.jpg" alt="" width="750" height="432" srcset="https://www.ffos.unios.hr/wp-content/uploads/2022/12/skup-ffos-povijest-6-scaled-1-1024x590.jpg 1024w, https://www.ffos.unios.hr/wp-content/uploads/2022/12/skup-ffos-povijest-6-scaled-1-300x173.jpg 300w, https://www.ffos.unios.hr/wp-content/uploads/2022/12/skup-ffos-povijest-6-scaled-1-768x443.jpg 768w, https://www.ffos.unios.hr/wp-content/uploads/2022/12/skup-ffos-povijest-6-scaled-1-1536x886.jpg 1536w, https://www.ffos.unios.hr/wp-content/uploads/2022/12/skup-ffos-povijest-6-scaled-1-2048x1181.jpg 2048w" sizes="(max-width: 750px) 100vw, 750px" /></p>
</div>
</div>
<p>&nbsp;</p>
