{"id":124751,"date":"2021-03-14T21:29:54","date_gmt":"2021-03-14T20:29:54","guid":{"rendered":"https:\/\/www.ffos.unios.hr\/department-of-pedagogy\/mentorstvo\/"},"modified":"2026-08-24T14:23:25","modified_gmt":"2026-08-24T12:23:25","slug":"mentorship","status":"publish","type":"page","link":"https:\/\/www.ffos.unios.hr\/en\/department-of-pedagogy\/mentorship\/","title":{"rendered":"Mentorship"},"content":{"rendered":"<p style=\"text-align: center;\"><strong>Mentors for Study Years in the <\/strong><strong>2025\/2026 <\/strong><strong>Academic Year<\/strong><\/p>\n<table style=\"border-collapse: collapse; width: 100%; height: 144px;\">\n<tbody>\n<tr style=\"height: 24px;\">\n<td style=\"width: 55.1102%; height: 24px;\"><strong>Year of Study<\/strong><\/td>\n<td style=\"width: 44.8898%; height: 24px;\"><strong>Mentor<\/strong><\/td>\n<\/tr>\n<tr style=\"height: 24px;\">\n<td style=\"width: 55.1102%; height: 24px;\">1st year of the University Undergraduate Double Major Study Programme in Pedagogy<\/td>\n<td style=\"width: 44.8898%; height: 24px;\">Karlo Boj\u010di\u0107, PhD<\/td>\n<\/tr>\n<tr style=\"height: 24px;\">\n<td style=\"width: 55.1102%; height: 24px;\">2nd year of the University Undergraduate Double Major Study Programme in Pedagogy<\/td>\n<td style=\"width: 44.8898%; height: 24px;\">Katarina Bogati\u0107, PhD<\/td>\n<\/tr>\n<tr style=\"height: 24px;\">\n<td style=\"width: 55.1102%; height: 24px;\">3rd year of the University Undergraduate Double Major Study Programme in Pedagogy<\/td>\n<td style=\"width: 44.8898%; height: 24px;\">Nemanja Spasenovski, PhD<\/td>\n<\/tr>\n<tr style=\"height: 24px;\">\n<td style=\"width: 55.1102%; height: 24px;\">1st year of the University Graduate Double Major Study Programme in Pedagogy<\/td>\n<td style=\"width: 44.8898%; height: 24px;\">Assistant Professor Senka \u017di\u017eanovi\u0107, PhD<\/td>\n<\/tr>\n<tr style=\"height: 24px;\">\n<td style=\"width: 55.1102%; height: 24px;\">2nd year of the University Graduate Double Major Study Programme in Pedagogy<\/td>\n<td style=\"width: 44.8898%; height: 24px;\">Assistant Professor Sara Kakuk Fridl, PhD<\/td>\n<\/tr>\n<\/tbody>\n<\/table>\n<p>&nbsp;<\/p>\n<p>&nbsp;<\/p>\n<p style=\"text-align: center;\"><strong>Study Group Coordinators<\/strong><\/p>\n<table style=\"border-collapse: collapse; width: 100%;\">\n<tbody>\n<tr>\n<td style=\"width: 55.1102%;\"><strong>Year of Study<\/strong><\/td>\n<td style=\"width: 44.8898%;\"><strong>Coordinator<\/strong><\/td>\n<\/tr>\n<tr>\n<td style=\"width: 55.1102%;\">1st year of the University Undergraduate Double Major Study Programme in Pedagogy<\/td>\n<td style=\"width: 44.8898%;\">Assistant Professor Sanja \u0160panja, PhD<\/td>\n<\/tr>\n<tr>\n<td style=\"width: 55.1102%;\">2nd year of the University Undergraduate Double Major Study Programme in Pedagogy<\/td>\n<td style=\"width: 44.8898%;\">Prof. Branko Bognar, PhD<\/td>\n<\/tr>\n<tr>\n<td style=\"width: 55.1102%;\">3rd year of the University Undergraduate Double Major Study Programme in Pedagogy<\/td>\n<td style=\"width: 44.8898%;\">Assistant Professor Sanja Simel Pranji\u0107, PhD<\/td>\n<\/tr>\n<tr>\n<td style=\"width: 55.1102%;\">1st year of the University Graduate Double Major Study Programme in Pedagogy<\/td>\n<td style=\"width: 44.8898%;\">Prof. Goran Livazovi\u0107, PhD<\/td>\n<\/tr>\n<tr>\n<td style=\"width: 55.1102%;\">2nd year of the University Graduate Double Major Study Programme in Pedagogy<\/td>\n<td style=\"width: 44.8898%;\">Prof. Renata Juki\u0107, PhD<\/td>\n<\/tr>\n<\/tbody>\n<\/table>\n<p>&nbsp;<\/p>\n","protected":false},"excerpt":{"rendered":"<p>Mentors for Study Years in the 2025\/2026 Academic Year Year of Study Mentor 1st year of the University Undergraduate Double Major Study Programme in Pedagogy Karlo Boj\u010di\u0107, PhD 2nd year of the University Undergraduate Double Major Study Programme in Pedagogy Katarina Bogati\u0107, PhD 3rd year of the University Undergraduate Double Major Study Programme in Pedagogy [&hellip;]<\/p>\n","protected":false},"author":17,"featured_media":0,"parent":122971,"menu_order":0,"comment_status":"closed","ping_status":"closed","template":"","meta":{"_acf_changed":false,"footnotes":""},"class_list":["post-124751","page","type-page","status-publish","hentry"],"acf":[],"_links":{"self":[{"href":"https:\/\/www.ffos.unios.hr\/en\/wp-json\/wp\/v2\/pages\/124751","targetHints":{"allow":["GET"]}}],"collection":[{"href":"https:\/\/www.ffos.unios.hr\/en\/wp-json\/wp\/v2\/pages"}],"about":[{"href":"https:\/\/www.ffos.unios.hr\/en\/wp-json\/wp\/v2\/types\/page"}],"author":[{"embeddable":true,"href":"https:\/\/www.ffos.unios.hr\/en\/wp-json\/wp\/v2\/users\/17"}],"replies":[{"embeddable":true,"href":"https:\/\/www.ffos.unios.hr\/en\/wp-json\/wp\/v2\/comments?post=124751"}],"version-history":[{"count":2,"href":"https:\/\/www.ffos.unios.hr\/en\/wp-json\/wp\/v2\/pages\/124751\/revisions"}],"predecessor-version":[{"id":124753,"href":"https:\/\/www.ffos.unios.hr\/en\/wp-json\/wp\/v2\/pages\/124751\/revisions\/124753"}],"up":[{"embeddable":true,"href":"https:\/\/www.ffos.unios.hr\/en\/wp-json\/wp\/v2\/pages\/122971"}],"wp:attachment":[{"href":"https:\/\/www.ffos.unios.hr\/en\/wp-json\/wp\/v2\/media?parent=124751"}],"curies":[{"name":"wp","href":"https:\/\/api.w.org\/{rel}","templated":true}]}}

<p style="text-align: center;"><strong>Mentors for Study Years in the </strong><strong>2025/2026 </strong><strong>Academic Year</strong></p>
<table style="border-collapse: collapse; width: 100%; height: 144px;">
<tbody>
<tr style="height: 24px;">
<td style="width: 55.1102%; height: 24px;"><strong>Year of Study</strong></td>
<td style="width: 44.8898%; height: 24px;"><strong>Mentor</strong></td>
</tr>
<tr style="height: 24px;">
<td style="width: 55.1102%; height: 24px;">1st year of the University Undergraduate Double Major Study Programme in Pedagogy</td>
<td style="width: 44.8898%; height: 24px;">Karlo Bojčić, PhD</td>
</tr>
<tr style="height: 24px;">
<td style="width: 55.1102%; height: 24px;">2nd year of the University Undergraduate Double Major Study Programme in Pedagogy</td>
<td style="width: 44.8898%; height: 24px;">Katarina Bogatić, PhD</td>
</tr>
<tr style="height: 24px;">
<td style="width: 55.1102%; height: 24px;">3rd year of the University Undergraduate Double Major Study Programme in Pedagogy</td>
<td style="width: 44.8898%; height: 24px;">Nemanja Spasenovski, PhD</td>
</tr>
<tr style="height: 24px;">
<td style="width: 55.1102%; height: 24px;">1st year of the University Graduate Double Major Study Programme in Pedagogy</td>
<td style="width: 44.8898%; height: 24px;">Assistant Professor Senka Žižanović, PhD</td>
</tr>
<tr style="height: 24px;">
<td style="width: 55.1102%; height: 24px;">2nd year of the University Graduate Double Major Study Programme in Pedagogy</td>
<td style="width: 44.8898%; height: 24px;">Assistant Professor Sara Kakuk Fridl, PhD</td>
</tr>
</tbody>
</table>
<p>&nbsp;</p>
<p>&nbsp;</p>
<p style="text-align: center;"><strong>Study Group Coordinators</strong></p>
<table style="border-collapse: collapse; width: 100%;">
<tbody>
<tr>
<td style="width: 55.1102%;"><strong>Year of Study</strong></td>
<td style="width: 44.8898%;"><strong>Coordinator</strong></td>
</tr>
<tr>
<td style="width: 55.1102%;">1st year of the University Undergraduate Double Major Study Programme in Pedagogy</td>
<td style="width: 44.8898%;">Assistant Professor Sanja Španja, PhD</td>
</tr>
<tr>
<td style="width: 55.1102%;">2nd year of the University Undergraduate Double Major Study Programme in Pedagogy</td>
<td style="width: 44.8898%;">Prof. Branko Bognar, PhD</td>
</tr>
<tr>
<td style="width: 55.1102%;">3rd year of the University Undergraduate Double Major Study Programme in Pedagogy</td>
<td style="width: 44.8898%;">Assistant Professor Sanja Simel Pranjić, PhD</td>
</tr>
<tr>
<td style="width: 55.1102%;">1st year of the University Graduate Double Major Study Programme in Pedagogy</td>
<td style="width: 44.8898%;">Prof. Goran Livazović, PhD</td>
</tr>
<tr>
<td style="width: 55.1102%;">2nd year of the University Graduate Double Major Study Programme in Pedagogy</td>
<td style="width: 44.8898%;">Prof. Renata Jukić, PhD</td>
</tr>
</tbody>
</table>
<p>&nbsp;</p>

<p>Mentors for Study Years in the 2025/2026 Academic Year Year of Study Mentor 1st year of the University Undergraduate Double Major Study Programme in Pedagogy Karlo Bojčić, PhD 2nd year of the University Undergraduate Double Major Study Programme in Pedagogy Katarina Bogatić, PhD 3rd year of the University Undergraduate Double Major Study Programme in Pedagogy [&hellip;]</p>
