{"id":124762,"date":"2026-04-02T19:44:17","date_gmt":"2026-04-02T17:44:17","guid":{"rendered":"https:\/\/www.ffos.unios.hr\/department-of-pedagogy\/research-activities\/projekti\/"},"modified":"2026-08-24T14:38:27","modified_gmt":"2026-08-24T12:38:27","slug":"projects","status":"publish","type":"page","link":"https:\/\/www.ffos.unios.hr\/en\/department-of-pedagogy\/research-activities\/projects\/","title":{"rendered":"Projects"},"content":{"rendered":"<p style=\"text-align: center;\"><span style=\"color: #993300;\"><strong>Projects involving members of the Department of Pedagogy in the past five years (since 2021)<\/strong><\/span><\/p>\n<p><strong> <\/strong><\/p>\n<p><strong>PROJECT: \u201cInterdisciplinary Approaches to the Career Development of Young Researchers (INTERKARM)\u201d, National Recovery and Resilience Plan (581-UNIOS-58)<\/strong><\/p>\n<p><strong>Prof. Branko Bognar, PhD, Prof. Marija Sabli\u0107, PhD, Prof. Goran Livazovi\u0107, PhD, Prof. Renata Juki\u0107, PhD, Assistant Professor Senka \u017di\u017eanovi\u0107, PhD, Assistant Professor Sara Kakuk Fridl, PhD, Assistant Professor Sanja Simel Pranji\u0107, PhD, Katarina Bogati\u0107, PhD, Karlo Boj\u010di\u0107, PhD, Nemanja Spasenovski, PhD, and Mia Filipov, PhD <\/strong>are collaborators on the project \u201cInterdisciplinary Approaches to the Career Development of Young Researchers (INTERKARM)\u201d together with members of the Department of Sociology of the Faculty of Humanities and Social Sciences in Osijek. The project is funded by the National Recovery and Resilience Plan (NRRP), within the European Union\u2019s NextGenerationEU programme, and is led by Associate Professor Anita Dremel, PhD.<\/p>\n<p><strong>Project duration: <\/strong>2025 &#8211; 2029.<\/p>\n<p>_________________________________________________________________________________________________________________________<\/p>\n<p><strong>PROJECT: \u201cLGBT+ Inclusiveness of Secondary Schools: Attitudes, Experiences and Needs of Different Stakeholders in the Educational Process (LGBT-SIP)\u201d, Croatian Science Foundation (IP-2022-10-4713)<\/strong><\/p>\n<p><strong>Prof. Goran Livazovi\u0107, PhD <\/strong>is a researcher on the project \u201cLGBT+ Inclusiveness of Secondary Schools: Attitudes, Experiences and Needs of Different Stakeholders in the Educational Process (LGBT-SIP)\u201d, hosted by the <strong>Faculty of Humanities and Social Sciences, University of Zagreb.<\/strong> The project leader is Associate Professor Marija Bartulovi\u0107, PhD, while the other collaborators are Ana \u0160iranovi\u0107, Zoran Horvat, Tanja Vu\u010dkovi\u0107 Juro\u0161 and Barbara Ku\u0161evi\u0107.<\/p>\n<p><strong>Project duration: <\/strong>2023 &#8211; 2027.<\/p>\n<p>_________________________________________________________________________________________________________________________<\/p>\n<p><strong>PROJECT: \u201cPromoting Digitalisation Among Teacher Educators in Europe DigiTED@EU\u201d, Erasmus+ (2021-1-DE01-KA220-HED-000031115)<\/strong><\/p>\n<p><strong>Prof. Marija Sabli\u0107, PhD<\/strong> was a collaborator on the Erasmus+ project coded 2021-1-DE01-KA220-HED-000031115, Key Action: Cooperation Partnerships, coordinated by the <strong>University of Education Ludwigsburg<\/strong> (Germany), in cooperation with the University of Bor\u00e5s (Sweden), University of Barcelona (Spain), Tallinn University (Estonia) and National University of Galway (Ireland).<\/p>\n<p><strong>Project duration:<\/strong> 2022 &#8211; 2025.<\/p>\n<p>_________________________________________________________________________________________________________________________<\/p>\n<p><strong>PROJECT: \u201cCROATIAN VIOLENCE MONITOR \u2013 A Study of the Manifestations, Causes and Prosecution of Delinquent Violence with a Focus on the Protection of Particularly Vulnerable Groups of Victims (CroViMo)\u201d, Croatian Science Foundation (UIP-2017-05-8876)<\/strong><\/p>\n<p><strong>Prof. Goran Livazovi\u0107, PhD <\/strong>was a collaborator on the project \u201cCROATIAN VIOLENCE MONITOR \u2013 A Study of the Manifestations, Causes and Prosecution of Delinquent Violence with a Focus on the Protection of Particularly Vulnerable Groups of Victims (CroViMo)\u201d, hosted by the <strong>Faculty of Law, University of Zagreb<\/strong>. The project leader was Prof. Anna-Maria Geto\u0161 Kalac, PhD, while the other collaborators were Reana Bezi\u0107, Ru\u017ea Karlovi\u0107, Tihomir Katuli\u0107, Pero Mihaljevi\u0107, Nina Mi\u0161i\u0107 Radanovi\u0107, Marko Mrakov\u010di\u0107, Petra Poli\u0107, Lucija Sokanovi\u0107, Nika Su\u0161ac, Valentina \u0160apina, Petra \u0160prem, Lucija Vejmelka, Igor Vuleti\u0107, Vjekoslav Peitl, Hana Ga\u010dal, Mirjana Kondor-Langer and <strong>Karlo Boj\u010di\u0107<\/strong>.<\/p>\n<p><strong>Project duration: <\/strong>2018 &#8211; 2025.<\/p>\n<p>_________________________________________________________________________________________________________________________<\/p>\n<p><strong>PROJECT: \u201cResearch on Study Programmes to Determine the Extent to Which Students\u2019 Digital Competencies Are Developed\u201d (NRRP)<\/strong><\/p>\n<p><strong>Prof. Marija Sabli\u0107, PhD <\/strong>and<strong> Prof. Goran Livazovi\u0107, PhD <\/strong>were, together with Prof. \u017deljko Pavi\u0107, PhD, collaborators on <strong>CARNET<\/strong>\u2019s \u201ce-Universities\u201d project as part of the research team of the Faculty of Humanities and Social Sciences in Osijek. The Agency for Science and Higher Education entrusted the team with the task of gaining insight into the extent to which digital competencies are represented in learning outcomes in a representative sample of study programmes in the Republic of Croatia. The project was funded by the National Recovery and Resilience Plan (NRRP), within the European Union\u2019s NextGenerationEU programme.<\/p>\n<p><strong>Project duration: <\/strong>2023 &#8211; 2024.<\/p>\n<p>_________________________________________________________________________________________________________________________<\/p>\n<p><strong>PROJECT: \u201cCroatia: Towards Sustainable, Equitable and Efficient Education\u201d (World Bank Loan No. 9303-HR)<\/strong><\/p>\n<p><strong>Prof. Renata Juki\u0107, PhD <\/strong>was a member of the working group responsible for developing guidelines for the implementation of the curriculum of the cross-curricular theme Use of Information and Communication Technology within the Experimental Programme \u201cPrimary School as a Full-Day School \u2013 A Balanced, Equitable, Efficient and Sustainable Education System\u201d, implemented by the <strong>Ministry of Science and Education.<\/strong><\/p>\n<p><strong>Project duration:<\/strong> 2023 &#8211; 2024.<\/p>\n<p>_________________________________________________________________________________________________________________________<\/p>\n<p><strong>PROJECT: \u201cTeacher Professional Development for Improving Primary School Pupils\u2019 Learning Outcomes in Science and Mathematics (SURFPRIMA)\u201d, Croatian Science Foundation (IP-2018-01-8363)<\/strong><\/p>\n<p><strong>Prof. Branko Bognar, PhD<\/strong> was the <strong>project leader<\/strong> of the project \u201cTeacher Professional Development for Improving Primary School Pupils\u2019 Learning Outcomes in Science and Mathematics\u201d, funded by the Croatian Science Foundation (HRZZ) and <strong>hosted by the Faculty of Humanities and Social Sciences in Osijek<\/strong>. <strong>Collaborators:<\/strong> <strong>Renata Juki\u0107<\/strong>, Mirko Luka\u0161, Diana Moslavac Bi\u010dvi\u0107, Irena Labak, Mirela Skelac, Sini\u0161a Opi\u0107, Ljerka Juki\u0107 Mati\u0107, <strong>Marija Sabli\u0107<\/strong>, Marina Ni\u0161t, Jelena Noskov, Alma \u0160kugor and <strong>Mia Filipov<\/strong>.<\/p>\n<p><strong>Project duration:<\/strong> 2018 &#8211; 2024.<\/p>\n<p>_________________________________________________________________________________________________________________________<\/p>\n<p><strong>PROJECT: \u201cRegional Centre of Competence (RCK-ELPROS)\u201d, ESF (UP.03.3.1.04)<\/strong><\/p>\n<p><strong>Prof. Renata Juki\u0107, PhD <\/strong>and<strong> Assistant Professor Senka \u017di\u017eanovi\u0107, PhD <\/strong>were subcontractors of the Croatian Chamber of Economy in the project \u201cRegional Centre of Competence (RCK-ELPROS)\u201d, hosted by the <strong>Electrical Engineering and Transport School Osijek<\/strong>. They participated in educational activities and authored the <em>Handbook for Mentors in the Business Sector<\/em>.<\/p>\n<p><strong>Project duration:<\/strong> 2020 &#8211; 2023.<\/p>\n<p>_________________________________________________________________________________________________________________________<\/p>\n<p><strong>PROJECT: \u201cBAQUAL \u2013 Better Academic Qualifications through Quality Assurance\u201d, Erasmus+<\/strong><\/p>\n<p><strong>Prof. Renata Juki\u0107, PhD<\/strong> was a collaborator on the Erasmus+ project \u201cBAQUAL \u2013 Better Academic Qualifications through Quality Assurance\u201d, coordinated by the <strong>Ministry of Science and Education of the Republic of Croatia<\/strong>. The project partners were the Agency for Control and Quality Assurance of Higher Education of Montenegro and the Ministry of Education and Science of the Republic of North Macedonia. As part of the project, she was engaged as a member of the working group responsible for developing qualification standards for the Croatian Qualifications Framework.<\/p>\n<p><strong>Project duration: <\/strong>2020 &#8211; 2022.<\/p>\n<p>_________________________________________________________________________________________________________________________<\/p>\n<p><strong>PROJECT: \u201cCompetency Standards for Teachers, Pedagogues and Mentors\u201d, ESF (UP.03.1.1.03.0056)<\/strong><\/p>\n<p><strong>Prof. Renata Juki\u0107, PhD (institutional project leader on behalf of FFOS) <\/strong>and <strong>Assistant Professor Senka \u017di\u017eanovi\u0107, PhD <\/strong>were collaborators on the project \u201cCompetency Standards for Teachers, Pedagogues and Mentors\u201d, coordinated by the <strong>University of Zadar<\/strong> and led by Prof. Dijana Vican, PhD. In addition to the Faculty of Humanities and Social Sciences in Osijek, the project partners included the Faculty of Science in Zagreb, Faculty of Education in Osijek, Faculty of Humanities and Social Sciences in Split, Faculty of Humanities and Social Sciences in Rijeka, as well as two additional institutions \u2013 the Ministry of Defence of the Republic of Croatia and the Croatian Air Force and Air Defence Training Centre \u201cRudolf Pere\u0161in\u201d. The project also involved <strong>Prof. Branko Bognar, PhD, Assistant Professor Sanja Simel Pranji\u0107, PhD <\/strong>and<strong> Assistant Professor Sara Kakuk Fridl, PhD.<\/strong><\/p>\n<p><strong>Project duration:<\/strong> 2019 &#8211; 2022.<\/p>\n<p>_________________________________________________________________________________________________________________________<\/p>\n<p><strong>PROJECT: \u201cChild-Centred Competences for Early Childhood Education and Care\u201d, Erasmus+ (2019-1-UK01-KA203-061665)<\/strong><\/p>\n<p><strong>Katarina Bogati\u0107, PhD<\/strong> was a collaborator on the Erasmus+ project coded 2019-1-UK01-KA203-061665, Key Action: Cooperation for Innovation and the Exchange of Good Practices, Action: Strategic Partnerships, coordinated by the <strong>University of Plymouth<\/strong> (United Kingdom), in cooperation with VIA University College (Denmark), Faculty of Teacher Education, University of Zagreb (Croatia), Early Childhood Ireland (Ireland), University of A Coru\u00f1a (Spain), University of Trieste (Italy), Babe\u0219-Bolyai University (Romania) and the British Association for Early Childhood Education (United Kingdom).<\/p>\n<p><strong>Project duration:<\/strong> 2019 &#8211; 2021.<\/p>\n<p>_________________________________________________________________________________________________________________________<\/p>\n<p><strong>PROJECT: \u201cEnhancing Transition Practices in Early Childhood Education\u201d, Erasmus+ (2018-1-HR01-KA201-047432)<\/strong><\/p>\n<p><strong>Katarina Bogati\u0107, PhD<\/strong> was a collaborator on the Erasmus+ project coded 2018-1-HR01-KA201-047432, Key Action: Cooperation for Innovation and the Exchange of Good Practices, Action: Strategic Partnerships, coordinated by <strong>OMEP Croatia<\/strong>, in cooperation with the University of Iceland (Iceland), Dobro Drvo Kindergarten (Croatia), Polski Komitet OMEP (Poland), Early Childhood Ireland (Ireland) and OMEP Sweden (Sweden).<\/p>\n<p><strong>Project duration:<\/strong> 2018 &#8211; 2021.<\/p>\n<p>_________________________________________________________________________________________________________________________<\/p>\n","protected":false},"excerpt":{"rendered":"<p>Projects involving members of the Department of Pedagogy in the past five years (since 2021) PROJECT: \u201cInterdisciplinary Approaches to the Career Development of Young Researchers (INTERKARM)\u201d, National Recovery and Resilience Plan (581-UNIOS-58) Prof. Branko Bognar, PhD, Prof. Marija Sabli\u0107, PhD, Prof. Goran Livazovi\u0107, PhD, Prof. Renata Juki\u0107, PhD, Assistant Professor Senka \u017di\u017eanovi\u0107, PhD, Assistant Professor [&hellip;]<\/p>\n","protected":false},"author":62,"featured_media":0,"parent":124758,"menu_order":0,"comment_status":"closed","ping_status":"closed","template":"","meta":{"_acf_changed":false,"footnotes":""},"class_list":["post-124762","page","type-page","status-publish","hentry"],"acf":[],"_links":{"self":[{"href":"https:\/\/www.ffos.unios.hr\/en\/wp-json\/wp\/v2\/pages\/124762","targetHints":{"allow":["GET"]}}],"collection":[{"href":"https:\/\/www.ffos.unios.hr\/en\/wp-json\/wp\/v2\/pages"}],"about":[{"href":"https:\/\/www.ffos.unios.hr\/en\/wp-json\/wp\/v2\/types\/page"}],"author":[{"embeddable":true,"href":"https:\/\/www.ffos.unios.hr\/en\/wp-json\/wp\/v2\/users\/62"}],"replies":[{"embeddable":true,"href":"https:\/\/www.ffos.unios.hr\/en\/wp-json\/wp\/v2\/comments?post=124762"}],"version-history":[{"count":2,"href":"https:\/\/www.ffos.unios.hr\/en\/wp-json\/wp\/v2\/pages\/124762\/revisions"}],"predecessor-version":[{"id":124764,"href":"https:\/\/www.ffos.unios.hr\/en\/wp-json\/wp\/v2\/pages\/124762\/revisions\/124764"}],"up":[{"embeddable":true,"href":"https:\/\/www.ffos.unios.hr\/en\/wp-json\/wp\/v2\/pages\/124758"}],"wp:attachment":[{"href":"https:\/\/www.ffos.unios.hr\/en\/wp-json\/wp\/v2\/media?parent=124762"}],"curies":[{"name":"wp","href":"https:\/\/api.w.org\/{rel}","templated":true}]}}

<p style="text-align: center;"><span style="color: #993300;"><strong>Projects involving members of the Department of Pedagogy in the past five years (since 2021)</strong></span></p>
<p><strong> </strong></p>
<p><strong>PROJECT: “Interdisciplinary Approaches to the Career Development of Young Researchers (INTERKARM)”, National Recovery and Resilience Plan (581-UNIOS-58)</strong></p>
<p><strong>Prof. Branko Bognar, PhD, Prof. Marija Sablić, PhD, Prof. Goran Livazović, PhD, Prof. Renata Jukić, PhD, Assistant Professor Senka Žižanović, PhD, Assistant Professor Sara Kakuk Fridl, PhD, Assistant Professor Sanja Simel Pranjić, PhD, Katarina Bogatić, PhD, Karlo Bojčić, PhD, Nemanja Spasenovski, PhD, and Mia Filipov, PhD </strong>are collaborators on the project “Interdisciplinary Approaches to the Career Development of Young Researchers (INTERKARM)” together with members of the Department of Sociology of the Faculty of Humanities and Social Sciences in Osijek. The project is funded by the National Recovery and Resilience Plan (NRRP), within the European Union’s NextGenerationEU programme, and is led by Associate Professor Anita Dremel, PhD.</p>
<p><strong>Project duration: </strong>2025 &#8211; 2029.</p>
<p>_________________________________________________________________________________________________________________________</p>
<p><strong>PROJECT: “LGBT+ Inclusiveness of Secondary Schools: Attitudes, Experiences and Needs of Different Stakeholders in the Educational Process (LGBT-SIP)”, Croatian Science Foundation (IP-2022-10-4713)</strong></p>
<p><strong>Prof. Goran Livazović, PhD </strong>is a researcher on the project “LGBT+ Inclusiveness of Secondary Schools: Attitudes, Experiences and Needs of Different Stakeholders in the Educational Process (LGBT-SIP)”, hosted by the <strong>Faculty of Humanities and Social Sciences, University of Zagreb.</strong> The project leader is Associate Professor Marija Bartulović, PhD, while the other collaborators are Ana Širanović, Zoran Horvat, Tanja Vučković Juroš and Barbara Kušević.</p>
<p><strong>Project duration: </strong>2023 &#8211; 2027.</p>
<p>_________________________________________________________________________________________________________________________</p>
<p><strong>PROJECT: “Promoting Digitalisation Among Teacher Educators in Europe DigiTED@EU”, Erasmus+ (2021-1-DE01-KA220-HED-000031115)</strong></p>
<p><strong>Prof. Marija Sablić, PhD</strong> was a collaborator on the Erasmus+ project coded 2021-1-DE01-KA220-HED-000031115, Key Action: Cooperation Partnerships, coordinated by the <strong>University of Education Ludwigsburg</strong> (Germany), in cooperation with the University of Borås (Sweden), University of Barcelona (Spain), Tallinn University (Estonia) and National University of Galway (Ireland).</p>
<p><strong>Project duration:</strong> 2022 &#8211; 2025.</p>
<p>_________________________________________________________________________________________________________________________</p>
<p><strong>PROJECT: “CROATIAN VIOLENCE MONITOR – A Study of the Manifestations, Causes and Prosecution of Delinquent Violence with a Focus on the Protection of Particularly Vulnerable Groups of Victims (CroViMo)”, Croatian Science Foundation (UIP-2017-05-8876)</strong></p>
<p><strong>Prof. Goran Livazović, PhD </strong>was a collaborator on the project “CROATIAN VIOLENCE MONITOR – A Study of the Manifestations, Causes and Prosecution of Delinquent Violence with a Focus on the Protection of Particularly Vulnerable Groups of Victims (CroViMo)”, hosted by the <strong>Faculty of Law, University of Zagreb</strong>. The project leader was Prof. Anna-Maria Getoš Kalac, PhD, while the other collaborators were Reana Bezić, Ruža Karlović, Tihomir Katulić, Pero Mihaljević, Nina Mišić Radanović, Marko Mrakovčić, Petra Polić, Lucija Sokanović, Nika Sušac, Valentina Šapina, Petra Šprem, Lucija Vejmelka, Igor Vuletić, Vjekoslav Peitl, Hana Gačal, Mirjana Kondor-Langer and <strong>Karlo Bojčić</strong>.</p>
<p><strong>Project duration: </strong>2018 &#8211; 2025.</p>
<p>_________________________________________________________________________________________________________________________</p>
<p><strong>PROJECT: “Research on Study Programmes to Determine the Extent to Which Students’ Digital Competencies Are Developed” (NRRP)</strong></p>
<p><strong>Prof. Marija Sablić, PhD </strong>and<strong> Prof. Goran Livazović, PhD </strong>were, together with Prof. Željko Pavić, PhD, collaborators on <strong>CARNET</strong>’s “e-Universities” project as part of the research team of the Faculty of Humanities and Social Sciences in Osijek. The Agency for Science and Higher Education entrusted the team with the task of gaining insight into the extent to which digital competencies are represented in learning outcomes in a representative sample of study programmes in the Republic of Croatia. The project was funded by the National Recovery and Resilience Plan (NRRP), within the European Union’s NextGenerationEU programme.</p>
<p><strong>Project duration: </strong>2023 &#8211; 2024.</p>
<p>_________________________________________________________________________________________________________________________</p>
<p><strong>PROJECT: “Croatia: Towards Sustainable, Equitable and Efficient Education” (World Bank Loan No. 9303-HR)</strong></p>
<p><strong>Prof. Renata Jukić, PhD </strong>was a member of the working group responsible for developing guidelines for the implementation of the curriculum of the cross-curricular theme Use of Information and Communication Technology within the Experimental Programme “Primary School as a Full-Day School – A Balanced, Equitable, Efficient and Sustainable Education System”, implemented by the <strong>Ministry of Science and Education.</strong></p>
<p><strong>Project duration:</strong> 2023 &#8211; 2024.</p>
<p>_________________________________________________________________________________________________________________________</p>
<p><strong>PROJECT: “Teacher Professional Development for Improving Primary School Pupils’ Learning Outcomes in Science and Mathematics (SURFPRIMA)”, Croatian Science Foundation (IP-2018-01-8363)</strong></p>
<p><strong>Prof. Branko Bognar, PhD</strong> was the <strong>project leader</strong> of the project “Teacher Professional Development for Improving Primary School Pupils’ Learning Outcomes in Science and Mathematics”, funded by the Croatian Science Foundation (HRZZ) and <strong>hosted by the Faculty of Humanities and Social Sciences in Osijek</strong>. <strong>Collaborators:</strong> <strong>Renata Jukić</strong>, Mirko Lukaš, Diana Moslavac Bičvić, Irena Labak, Mirela Skelac, Siniša Opić, Ljerka Jukić Matić, <strong>Marija Sablić</strong>, Marina Ništ, Jelena Noskov, Alma Škugor and <strong>Mia Filipov</strong>.</p>
<p><strong>Project duration:</strong> 2018 &#8211; 2024.</p>
<p>_________________________________________________________________________________________________________________________</p>
<p><strong>PROJECT: “Regional Centre of Competence (RCK-ELPROS)”, ESF (UP.03.3.1.04)</strong></p>
<p><strong>Prof. Renata Jukić, PhD </strong>and<strong> Assistant Professor Senka Žižanović, PhD </strong>were subcontractors of the Croatian Chamber of Economy in the project “Regional Centre of Competence (RCK-ELPROS)”, hosted by the <strong>Electrical Engineering and Transport School Osijek</strong>. They participated in educational activities and authored the <em>Handbook for Mentors in the Business Sector</em>.</p>
<p><strong>Project duration:</strong> 2020 &#8211; 2023.</p>
<p>_________________________________________________________________________________________________________________________</p>
<p><strong>PROJECT: “BAQUAL – Better Academic Qualifications through Quality Assurance”, Erasmus+</strong></p>
<p><strong>Prof. Renata Jukić, PhD</strong> was a collaborator on the Erasmus+ project “BAQUAL – Better Academic Qualifications through Quality Assurance”, coordinated by the <strong>Ministry of Science and Education of the Republic of Croatia</strong>. The project partners were the Agency for Control and Quality Assurance of Higher Education of Montenegro and the Ministry of Education and Science of the Republic of North Macedonia. As part of the project, she was engaged as a member of the working group responsible for developing qualification standards for the Croatian Qualifications Framework.</p>
<p><strong>Project duration: </strong>2020 &#8211; 2022.</p>
<p>_________________________________________________________________________________________________________________________</p>
<p><strong>PROJECT: “Competency Standards for Teachers, Pedagogues and Mentors”, ESF (UP.03.1.1.03.0056)</strong></p>
<p><strong>Prof. Renata Jukić, PhD (institutional project leader on behalf of FFOS) </strong>and <strong>Assistant Professor Senka Žižanović, PhD </strong>were collaborators on the project “Competency Standards for Teachers, Pedagogues and Mentors”, coordinated by the <strong>University of Zadar</strong> and led by Prof. Dijana Vican, PhD. In addition to the Faculty of Humanities and Social Sciences in Osijek, the project partners included the Faculty of Science in Zagreb, Faculty of Education in Osijek, Faculty of Humanities and Social Sciences in Split, Faculty of Humanities and Social Sciences in Rijeka, as well as two additional institutions – the Ministry of Defence of the Republic of Croatia and the Croatian Air Force and Air Defence Training Centre “Rudolf Perešin”. The project also involved <strong>Prof. Branko Bognar, PhD, Assistant Professor Sanja Simel Pranjić, PhD </strong>and<strong> Assistant Professor Sara Kakuk Fridl, PhD.</strong></p>
<p><strong>Project duration:</strong> 2019 &#8211; 2022.</p>
<p>_________________________________________________________________________________________________________________________</p>
<p><strong>PROJECT: “Child-Centred Competences for Early Childhood Education and Care”, Erasmus+ (2019-1-UK01-KA203-061665)</strong></p>
<p><strong>Katarina Bogatić, PhD</strong> was a collaborator on the Erasmus+ project coded 2019-1-UK01-KA203-061665, Key Action: Cooperation for Innovation and the Exchange of Good Practices, Action: Strategic Partnerships, coordinated by the <strong>University of Plymouth</strong> (United Kingdom), in cooperation with VIA University College (Denmark), Faculty of Teacher Education, University of Zagreb (Croatia), Early Childhood Ireland (Ireland), University of A Coruña (Spain), University of Trieste (Italy), Babeș-Bolyai University (Romania) and the British Association for Early Childhood Education (United Kingdom).</p>
<p><strong>Project duration:</strong> 2019 &#8211; 2021.</p>
<p>_________________________________________________________________________________________________________________________</p>
<p><strong>PROJECT: “Enhancing Transition Practices in Early Childhood Education”, Erasmus+ (2018-1-HR01-KA201-047432)</strong></p>
<p><strong>Katarina Bogatić, PhD</strong> was a collaborator on the Erasmus+ project coded 2018-1-HR01-KA201-047432, Key Action: Cooperation for Innovation and the Exchange of Good Practices, Action: Strategic Partnerships, coordinated by <strong>OMEP Croatia</strong>, in cooperation with the University of Iceland (Iceland), Dobro Drvo Kindergarten (Croatia), Polski Komitet OMEP (Poland), Early Childhood Ireland (Ireland) and OMEP Sweden (Sweden).</p>
<p><strong>Project duration:</strong> 2018 &#8211; 2021.</p>
<p>_________________________________________________________________________________________________________________________</p>

<p>Projects involving members of the Department of Pedagogy in the past five years (since 2021) PROJECT: “Interdisciplinary Approaches to the Career Development of Young Researchers (INTERKARM)”, National Recovery and Resilience Plan (581-UNIOS-58) Prof. Branko Bognar, PhD, Prof. Marija Sablić, PhD, Prof. Goran Livazović, PhD, Prof. Renata Jukić, PhD, Assistant Professor Senka Žižanović, PhD, Assistant Professor [&hellip;]</p>
