{"id":124783,"date":"2022-01-31T15:38:29","date_gmt":"2022-01-31T14:38:29","guid":{"rendered":"https:\/\/www.ffos.unios.hr\/department-of-pedagogy\/studentska-praksa\/"},"modified":"2026-08-28T09:17:57","modified_gmt":"2026-08-28T07:17:57","slug":"student-internship","status":"publish","type":"page","link":"https:\/\/www.ffos.unios.hr\/en\/department-of-pedagogy\/student-internship\/","title":{"rendered":"Student Practice (PED)"},"content":{"rendered":"<h3 style=\"text-align: center;\"><strong>University Graduate Double Major Study Programme in Pedagogy<\/strong><\/h3>\n<p>&nbsp;<\/p>\n<h3 style=\"text-align: center;\"><span style=\"color: #ff0000;\"><strong>\u2193 Pedagogical Practicum \u2193<\/strong><\/span><\/h3>\n<p style=\"text-align: center;\">Professional pedagogical practice for students of the University Graduate Double Major Study Programme in Pedagogy<\/p>\n<p>&nbsp;<\/p>\n<ol style=\"text-align: justify;\">\n<li><span style=\"color: #ff0000;\"><strong> type of practice: <\/strong>professional pedagogical practice<\/span><\/li>\n<\/ol>\n<p style=\"text-align: justify;\">First- and second-year students of the University Graduate Double Major Study Programme in Pedagogy are referred to professional pedagogical practice with a pedagogue by the Faculty of Humanities and Social Sciences in Osijek, Department of Pedagogy.<\/p>\n<p>&nbsp;<\/p>\n<ol style=\"text-align: justify;\" start=\"2\">\n<li><span style=\"color: #ff0000;\"><strong> year\/semester in which the practice takes place<\/strong><\/span><\/li>\n<\/ol>\n<p style=\"text-align: justify;\">Professional pedagogical practice for students of the University Graduate Double Major Study Programme in Pedagogy takes place in the 1st and 2nd years of the University Graduate Double Major Study Programme in Pedagogy.<\/p>\n<p style=\"text-align: justify;\">Professional pedagogical practice in the 1st year of the University Graduate Double Major Study Programme in Pedagogy takes place in the 1st semester.<\/p>\n<p style=\"text-align: justify;\">Professional pedagogical practice in the 2nd year of the University Graduate Double Major Study Programme in Pedagogy takes place in the 3rd semester.<\/p>\n<p>&nbsp;<\/p>\n<ol style=\"text-align: justify;\" start=\"3\">\n<li><span style=\"color: #ff0000;\"><strong> practice supervisor \/ supervisors (course coordinators in the 2025\/2026 academic year)<\/strong><\/span><\/li>\n<\/ol>\n<p style=\"text-align: justify;\">The coordinator of Pedagogical Practicum II (New Study Programme) (professional pedagogical practice) in the 1st year of the University Graduate Double Major Study Programme in Pedagogy is Assistant Professor Sara Kakuk Fridl, PhD.<\/p>\n<p style=\"text-align: justify;\">The coordinator of Pedagogical Practicum II (professional pedagogical practice) in the 2nd year of the University Graduate Double Major Study Programme in Pedagogy is Assistant Professor Senka \u017di\u017eanovi\u0107, PhD.<\/p>\n<p>&nbsp;<\/p>\n<ol style=\"text-align: justify;\" start=\"4\">\n<li><span style=\"color: #ff0000;\"><strong> number of practice hours required of students<\/strong><\/span><\/li>\n<\/ol>\n<p style=\"text-align: justify;\"><strong>Pedagogical Practicum II (New Study Programme)<\/strong><\/p>\n<p style=\"text-align: justify;\">Students are required to complete 60 hours in a school\/kindergarten\/student residence during the 1st semester of the 1st year of the University Graduate Double Major Study Programme in Pedagogy. The student arranges the dates of the professional pedagogical practice with the pedagogue in accordance with the practice assignments and the availability of both the mentor and the student. It is recommended that several consecutive days be spent at the institution during professional pedagogical practice in order to gain insight into the dynamics of the work. All aspects of Pedagogical Practicum I are regulated through the Student Practice Application on the website of the Faculty of Humanities and Social Sciences.<\/p>\n<p style=\"text-align: justify;\"><strong>Pedagogical Practicum II<\/strong><\/p>\n<p style=\"text-align: justify;\">Students are required to complete 90 hours in a school\/kindergarten\/student residence during the 3rd semester of the 2nd year of the University Graduate Double Major Study Programme in Pedagogy. The student arranges the dates of the professional pedagogical practice with the pedagogue in accordance with the practice assignments and the availability of both the mentor and the student. It is recommended that several consecutive days be spent at the institution during professional pedagogical practice in order to gain insight into the dynamics of the work. In addition to completing professional pedagogical practice in institutions, students are required to attend meetings with the coordinator of Pedagogical Practicum II, which are held as needed, with at least four meetings organised during the semester. All aspects of Pedagogical Practicum II are regulated through the Student Practice Application on the website of the Faculty of Humanities and Social Sciences.<\/p>\n<p>&nbsp;<\/p>\n<ol style=\"text-align: justify;\" start=\"5\">\n<li><span style=\"color: #ff0000;\"><strong> assessment method <\/strong><\/span><\/li>\n<\/ol>\n<p style=\"text-align: justify;\"><strong>Pedagogical Practicum II (New Study Programme)<\/strong><\/p>\n<p style=\"text-align: justify;\">Students are required to complete 60 hours of professional pedagogical practice, during which they must complete three practical assignments in accordance with the prescribed programme. The student\u2019s professional pedagogical practice is assessed descriptively by the student\u2019s mentor.<\/p>\n<p style=\"text-align: justify;\"><strong>Pedagogical Practicum II<\/strong><\/p>\n<p style=\"text-align: justify;\">Students are required to complete 90 hours of professional pedagogical practice, during which they must complete four practical assignments in accordance with the prescribed programme. The student\u2019s professional pedagogical practice is assessed descriptively by the student\u2019s mentor.<\/p>\n<p>&nbsp;<\/p>\n<ol style=\"text-align: justify;\" start=\"6\">\n<li><span style=\"color: #ff0000;\"><strong> list of current schools\/institutions\/companies (updated as necessary)<\/strong><\/span><\/li>\n<\/ol>\n<p style=\"text-align: justify;\"><strong>Pedagogical Practicum II (New Study Programme)<\/strong><\/p>\n<p style=\"text-align: justify;\"><strong>List of institutions in which professional pedagogical practice takes place in the 2025\/2026 academic year<\/strong><\/p>\n<p style=\"padding-left: 40px;\">Grigor Vitez Primary School<br \/>\nIvan Filipovi\u0107 Primary School<br \/>\nVijenac Primary School<br \/>\nRetfala Primary School<br \/>\nLjudevit Gaj Primary School<br \/>\nSveta Ana Primary School<br \/>\nTin Ujevi\u0107 Primary School<br \/>\nAntun Mihanovi\u0107 Primary School<br \/>\nDobri\u0161a Cesari\u0107 Primary School<br \/>\nAugust \u0160enoa Primary School<br \/>\nFran Krsto Frankopan Primary School<br \/>\nMladost Primary School<br \/>\nFranjo Kre\u017ema Primary School<br \/>\nTenja Primary School<\/p>\n<p style=\"text-align: justify;\"><strong>Pedagogical Practicum II<\/strong><\/p>\n<p style=\"text-align: justify;\"><strong>List of institutions in which professional pedagogical practice takes place in the 2025\/2026 academic year<\/strong><\/p>\n<blockquote>\n<p style=\"padding-left: 40px;\">School of Economics and Administration Osijek<br \/>\nElectrical Engineering and Transport School Osijek<br \/>\nVukovar Grammar School<br \/>\nMedical School Osijek<br \/>\nSecondary Medical School Slavonski Brod<br \/>\nSecondary School Student Residence Osijek<br \/>\nMechanical Engineering Technical School Osijek<br \/>\nSchool of Applied Arts and Design<br \/>\nHrvatski Radi\u0161a Student Residence<br \/>\nCatering and Tourism School Osijek<br \/>\nII Grammar School Osijek<br \/>\nIII Grammar School Osijek<\/p>\n<\/blockquote>\n<ol style=\"text-align: justify;\" start=\"7\">\n<li><span style=\"color: #ff0000;\"><strong> sequence of activities related to the organisation and implementation of the practice <\/strong><\/span><\/li>\n<\/ol>\n<p style=\"text-align: justify;\"><strong>Steps in the implementation of professional pedagogical practice<\/strong><\/p>\n<ol style=\"text-align: justify;\">\n<li>Students individually select an institution and a mentor from the list of institutions provided by the professional pedagogical practice supervisor. Professional pedagogical practice is organised for a maximum of two students at the same institution.<\/li>\n<li>Students independently contact the mentor, a pedagogue employed as a professional associate at the institution, and arrange their professional pedagogical practice. Students of pedagogy are formally referred to professional pedagogical practice at the institution by the Faculty of Humanities and Social Sciences.<\/li>\n<li>The professional pedagogical practice supervisor enters the practice details into the online professional pedagogical practice application and opens the practice diaries. The supervisor holds a meeting with professional pedagogical practice mentors (as needed) and sends mentors the Instructions for Professional Pedagogical Practice.<\/li>\n<li>Students arrange the dates of professional pedagogical practice with their mentor (a total of 60 hours for Pedagogical Practicum II (New Study Programme) and a total of 90 hours for Pedagogical Practicum II) and enter the practice dates into the online application AT LEAST ONE WEEK IN ADVANCE \u2013 students may not attend the institution without insurance coverage.<\/li>\n<li>Completion of professional pedagogical practice \u2013 confirmation of completion of professional pedagogical practice:<\/li>\n<\/ol>\n<p style=\"text-align: justify;\">&#8211; student report on professional pedagogical practice countersigned by the mentor<\/p>\n<p style=\"text-align: justify;\">&#8211; all required information completed in the online school practice application:<\/p>\n<ol style=\"text-align: justify; list-style-type: lower-alpha;\">\n<li>Mentor\u2019s professional opinion<\/li>\n<li>Mentor\u2019s assessment<\/li>\n<li>Practice diary<\/li>\n<li>Lock the practice \u2013 mentor, student and supervisor<\/li>\n<\/ol>\n<p style=\"text-align: justify;\">&#8211; pedagogical portfolio to be presented to the coordinator of the Pedagogical Practicum for review<\/p>\n<p style=\"text-align: justify;\">&#8211; evaluation of professional pedagogical practice<\/p>\n<p style=\"text-align: justify;\"><strong>Note:<\/strong> All of the above course requirements and obligations must be fulfilled in order to receive the corresponding ECTS credits.<\/p>\n","protected":false},"excerpt":{"rendered":"<p>University Graduate Double Major Study Programme in Pedagogy &nbsp; \u2193 Pedagogical Practicum \u2193 Professional pedagogical practice for students of the University Graduate Double Major Study Programme in Pedagogy &nbsp; type of practice: professional pedagogical practice First- and second-year students of the University Graduate Double Major Study Programme in Pedagogy are referred to professional pedagogical practice [&hellip;]<\/p>\n","protected":false},"author":41,"featured_media":0,"parent":122971,"menu_order":0,"comment_status":"closed","ping_status":"closed","template":"","meta":{"_acf_changed":false,"footnotes":""},"class_list":["post-124783","page","type-page","status-publish","hentry"],"acf":[],"_links":{"self":[{"href":"https:\/\/www.ffos.unios.hr\/en\/wp-json\/wp\/v2\/pages\/124783","targetHints":{"allow":["GET"]}}],"collection":[{"href":"https:\/\/www.ffos.unios.hr\/en\/wp-json\/wp\/v2\/pages"}],"about":[{"href":"https:\/\/www.ffos.unios.hr\/en\/wp-json\/wp\/v2\/types\/page"}],"author":[{"embeddable":true,"href":"https:\/\/www.ffos.unios.hr\/en\/wp-json\/wp\/v2\/users\/41"}],"replies":[{"embeddable":true,"href":"https:\/\/www.ffos.unios.hr\/en\/wp-json\/wp\/v2\/comments?post=124783"}],"version-history":[{"count":3,"href":"https:\/\/www.ffos.unios.hr\/en\/wp-json\/wp\/v2\/pages\/124783\/revisions"}],"predecessor-version":[{"id":125663,"href":"https:\/\/www.ffos.unios.hr\/en\/wp-json\/wp\/v2\/pages\/124783\/revisions\/125663"}],"up":[{"embeddable":true,"href":"https:\/\/www.ffos.unios.hr\/en\/wp-json\/wp\/v2\/pages\/122971"}],"wp:attachment":[{"href":"https:\/\/www.ffos.unios.hr\/en\/wp-json\/wp\/v2\/media?parent=124783"}],"curies":[{"name":"wp","href":"https:\/\/api.w.org\/{rel}","templated":true}]}}

<h3 style="text-align: center;"><strong>University Graduate Double Major Study Programme in Pedagogy</strong></h3>
<p>&nbsp;</p>
<h3 style="text-align: center;"><span style="color: #ff0000;"><strong>↓ Pedagogical Practicum ↓</strong></span></h3>
<p style="text-align: center;">Professional pedagogical practice for students of the University Graduate Double Major Study Programme in Pedagogy</p>
<p>&nbsp;</p>
<ol style="text-align: justify;">
<li><span style="color: #ff0000;"><strong> type of practice: </strong>professional pedagogical practice</span></li>
</ol>
<p style="text-align: justify;">First- and second-year students of the University Graduate Double Major Study Programme in Pedagogy are referred to professional pedagogical practice with a pedagogue by the Faculty of Humanities and Social Sciences in Osijek, Department of Pedagogy.</p>
<p>&nbsp;</p>
<ol style="text-align: justify;" start="2">
<li><span style="color: #ff0000;"><strong> year/semester in which the practice takes place</strong></span></li>
</ol>
<p style="text-align: justify;">Professional pedagogical practice for students of the University Graduate Double Major Study Programme in Pedagogy takes place in the 1st and 2nd years of the University Graduate Double Major Study Programme in Pedagogy.</p>
<p style="text-align: justify;">Professional pedagogical practice in the 1st year of the University Graduate Double Major Study Programme in Pedagogy takes place in the 1st semester.</p>
<p style="text-align: justify;">Professional pedagogical practice in the 2nd year of the University Graduate Double Major Study Programme in Pedagogy takes place in the 3rd semester.</p>
<p>&nbsp;</p>
<ol style="text-align: justify;" start="3">
<li><span style="color: #ff0000;"><strong> practice supervisor / supervisors (course coordinators in the 2025/2026 academic year)</strong></span></li>
</ol>
<p style="text-align: justify;">The coordinator of Pedagogical Practicum II (New Study Programme) (professional pedagogical practice) in the 1st year of the University Graduate Double Major Study Programme in Pedagogy is Assistant Professor Sara Kakuk Fridl, PhD.</p>
<p style="text-align: justify;">The coordinator of Pedagogical Practicum II (professional pedagogical practice) in the 2nd year of the University Graduate Double Major Study Programme in Pedagogy is Assistant Professor Senka Žižanović, PhD.</p>
<p>&nbsp;</p>
<ol style="text-align: justify;" start="4">
<li><span style="color: #ff0000;"><strong> number of practice hours required of students</strong></span></li>
</ol>
<p style="text-align: justify;"><strong>Pedagogical Practicum II (New Study Programme)</strong></p>
<p style="text-align: justify;">Students are required to complete 60 hours in a school/kindergarten/student residence during the 1st semester of the 1st year of the University Graduate Double Major Study Programme in Pedagogy. The student arranges the dates of the professional pedagogical practice with the pedagogue in accordance with the practice assignments and the availability of both the mentor and the student. It is recommended that several consecutive days be spent at the institution during professional pedagogical practice in order to gain insight into the dynamics of the work. All aspects of Pedagogical Practicum I are regulated through the Student Practice Application on the website of the Faculty of Humanities and Social Sciences.</p>
<p style="text-align: justify;"><strong>Pedagogical Practicum II</strong></p>
<p style="text-align: justify;">Students are required to complete 90 hours in a school/kindergarten/student residence during the 3rd semester of the 2nd year of the University Graduate Double Major Study Programme in Pedagogy. The student arranges the dates of the professional pedagogical practice with the pedagogue in accordance with the practice assignments and the availability of both the mentor and the student. It is recommended that several consecutive days be spent at the institution during professional pedagogical practice in order to gain insight into the dynamics of the work. In addition to completing professional pedagogical practice in institutions, students are required to attend meetings with the coordinator of Pedagogical Practicum II, which are held as needed, with at least four meetings organised during the semester. All aspects of Pedagogical Practicum II are regulated through the Student Practice Application on the website of the Faculty of Humanities and Social Sciences.</p>
<p>&nbsp;</p>
<ol style="text-align: justify;" start="5">
<li><span style="color: #ff0000;"><strong> assessment method </strong></span></li>
</ol>
<p style="text-align: justify;"><strong>Pedagogical Practicum II (New Study Programme)</strong></p>
<p style="text-align: justify;">Students are required to complete 60 hours of professional pedagogical practice, during which they must complete three practical assignments in accordance with the prescribed programme. The student’s professional pedagogical practice is assessed descriptively by the student’s mentor.</p>
<p style="text-align: justify;"><strong>Pedagogical Practicum II</strong></p>
<p style="text-align: justify;">Students are required to complete 90 hours of professional pedagogical practice, during which they must complete four practical assignments in accordance with the prescribed programme. The student’s professional pedagogical practice is assessed descriptively by the student’s mentor.</p>
<p>&nbsp;</p>
<ol style="text-align: justify;" start="6">
<li><span style="color: #ff0000;"><strong> list of current schools/institutions/companies (updated as necessary)</strong></span></li>
</ol>
<p style="text-align: justify;"><strong>Pedagogical Practicum II (New Study Programme)</strong></p>
<p style="text-align: justify;"><strong>List of institutions in which professional pedagogical practice takes place in the 2025/2026 academic year</strong></p>
<p style="padding-left: 40px;">Grigor Vitez Primary School<br />
Ivan Filipović Primary School<br />
Vijenac Primary School<br />
Retfala Primary School<br />
Ljudevit Gaj Primary School<br />
Sveta Ana Primary School<br />
Tin Ujević Primary School<br />
Antun Mihanović Primary School<br />
Dobriša Cesarić Primary School<br />
August Šenoa Primary School<br />
Fran Krsto Frankopan Primary School<br />
Mladost Primary School<br />
Franjo Krežma Primary School<br />
Tenja Primary School</p>
<p style="text-align: justify;"><strong>Pedagogical Practicum II</strong></p>
<p style="text-align: justify;"><strong>List of institutions in which professional pedagogical practice takes place in the 2025/2026 academic year</strong></p>
<blockquote>
<p style="padding-left: 40px;">School of Economics and Administration Osijek<br />
Electrical Engineering and Transport School Osijek<br />
Vukovar Grammar School<br />
Medical School Osijek<br />
Secondary Medical School Slavonski Brod<br />
Secondary School Student Residence Osijek<br />
Mechanical Engineering Technical School Osijek<br />
School of Applied Arts and Design<br />
Hrvatski Radiša Student Residence<br />
Catering and Tourism School Osijek<br />
II Grammar School Osijek<br />
III Grammar School Osijek</p>
</blockquote>
<ol style="text-align: justify;" start="7">
<li><span style="color: #ff0000;"><strong> sequence of activities related to the organisation and implementation of the practice </strong></span></li>
</ol>
<p style="text-align: justify;"><strong>Steps in the implementation of professional pedagogical practice</strong></p>
<ol style="text-align: justify;">
<li>Students individually select an institution and a mentor from the list of institutions provided by the professional pedagogical practice supervisor. Professional pedagogical practice is organised for a maximum of two students at the same institution.</li>
<li>Students independently contact the mentor, a pedagogue employed as a professional associate at the institution, and arrange their professional pedagogical practice. Students of pedagogy are formally referred to professional pedagogical practice at the institution by the Faculty of Humanities and Social Sciences.</li>
<li>The professional pedagogical practice supervisor enters the practice details into the online professional pedagogical practice application and opens the practice diaries. The supervisor holds a meeting with professional pedagogical practice mentors (as needed) and sends mentors the Instructions for Professional Pedagogical Practice.</li>
<li>Students arrange the dates of professional pedagogical practice with their mentor (a total of 60 hours for Pedagogical Practicum II (New Study Programme) and a total of 90 hours for Pedagogical Practicum II) and enter the practice dates into the online application AT LEAST ONE WEEK IN ADVANCE – students may not attend the institution without insurance coverage.</li>
<li>Completion of professional pedagogical practice – confirmation of completion of professional pedagogical practice:</li>
</ol>
<p style="text-align: justify;">&#8211; student report on professional pedagogical practice countersigned by the mentor</p>
<p style="text-align: justify;">&#8211; all required information completed in the online school practice application:</p>
<ol style="text-align: justify; list-style-type: lower-alpha;">
<li>Mentor’s professional opinion</li>
<li>Mentor’s assessment</li>
<li>Practice diary</li>
<li>Lock the practice – mentor, student and supervisor</li>
</ol>
<p style="text-align: justify;">&#8211; pedagogical portfolio to be presented to the coordinator of the Pedagogical Practicum for review</p>
<p style="text-align: justify;">&#8211; evaluation of professional pedagogical practice</p>
<p style="text-align: justify;"><strong>Note:</strong> All of the above course requirements and obligations must be fulfilled in order to receive the corresponding ECTS credits.</p>
