{"id":125511,"date":"2021-10-29T09:23:35","date_gmt":"2021-10-29T07:23:35","guid":{"rendered":"https:\/\/www.ffos.unios.hr\/science-portal\/centers\/centre-for-interdisciplinary-research\/scientific-inter_view\/2020-2\/"},"modified":"2026-08-27T14:39:08","modified_gmt":"2026-08-27T12:39:08","slug":"2020-2","status":"publish","type":"page","link":"https:\/\/www.ffos.unios.hr\/en\/science-portal\/centers\/centre-for-interdisciplinary-research\/scientific-inter_view\/2020-2\/","title":{"rendered":"2020"},"content":{"rendered":"<h1 style=\"text-align: center;\"><span style=\"color: #000000;\"><strong><em>scientific inter_view<\/em>, vol. 1: <\/strong><\/span><\/h1>\n<h2 style=\"text-align: center;\"><span style=\"color: #000000;\"><strong>\u00bbIs there a place for social sciences and humanities professionals in the IT world?\u00ab<\/strong><\/span><\/h2>\n<p style=\"text-align: justify;\">During the 2019\/2020 academic year, the first series of the popular science programme <strong>scientific inter_view<\/strong> was organized by the <strong>Centre for Interdisciplinary Research at the Faculty of Humanities and Social Sciences, Josip Juraj Strossmayer University of Osijek<\/strong>. The overarching theme of the series was <strong>\u201cIs there a place for social sciences and humanities professionals in the IT world?\u201d<\/strong>, and the events focused on exploring opportunities for professional engagement, employment and interdisciplinary collaboration between experts in the social sciences and humanities and the IT sector.<\/p>\n<p>The series featured <strong>Boris Rau\u0161<\/strong> from Bamboo Lab, <strong>Marin Sele\u0161<\/strong> from \u010cas posla design &amp; copywrite and the Open University, <strong>Assistant Professor Tomislav Jakopec, PhD<\/strong> from the Faculty of Humanities and Social Sciences in Osijek, as well as <strong>Davor Banovi\u0107<\/strong> from Shoutem and <strong>Marko Marincel<\/strong> from Factory. Their lectures addressed the application of social sciences and humanities knowledge in digital and technological environments, opportunities for cooperation between the academic and business sectors, and the development of competencies relevant to the contemporary labour market.<\/p>\n<p>All lectures in the first series were held via the Zoom online platform, and the event moderators were <strong>Sergej Filipovi\u0107<\/strong>, <strong>Hrvoje Potlimbrzovi\u0107<\/strong>, <strong>Demian Papo<\/strong> and <strong>Nemanja Spasenovski<\/strong>.<\/p>\n<hr \/>\n<p>1) The first lecture in the <strong><em>scientific inter_view<\/em><\/strong> series, on the topic <strong>\u00bbIs there a place for social sciences and humanities professionals in the IT world?\u00ab<\/strong>, was organized by the Centre for Interdisciplinary Research at the Faculty of Humanities and Social Sciences, Josip Juraj Strossmayer University of Osijek. The lecture was delivered by <strong>Boris Rau\u0161<\/strong> from <em><strong>Bamboo Lab<\/strong><\/em> on 13 May 2020 (Wednesday), beginning at 7:00 p.m., via the Zoom online platform. Lecture moderator: Sergej Filipovi\u0107.<\/p>\n<p>&nbsp;<\/p>\n<div class=\"embed-responsive embed-responsive-16by9\"><iframe title=\"scientific inter_view #1 - Boris Rau\u0161 (Bamboo Lab)\" width=\"1170\" height=\"878\" src=\"https:\/\/www.youtube.com\/embed\/vwLHCPaTqCM?feature=oembed\" frameborder=\"0\" allow=\"accelerometer; autoplay; clipboard-write; encrypted-media; gyroscope; picture-in-picture; web-share\" referrerpolicy=\"strict-origin-when-cross-origin\" allowfullscreen><\/iframe><\/div>\n<p>&nbsp;<\/p>\n<p>2) The second lecture in the <strong><em>scientific inter_view<\/em><\/strong> series, on the topic <strong>\u00bbIs there a place for social sciences and humanities professionals in the IT world?\u00ab<\/strong>, was organized by the Centre for Interdisciplinary Research at the Faculty of Humanities and Social Sciences, Josip Juraj Strossmayer University of Osijek. The lecture was delivered by <strong>Marin Sele\u0161<\/strong> from <em><strong>\u010cas posla design &amp; copywrite<\/strong><\/em> and the <em><strong>Open University<\/strong><\/em> on 27 May 2020 (Wednesday), beginning at 7:00 p.m., via the Zoom online platform. Lecture moderator: Hrvoje Potlimbrzovi\u0107.<\/p>\n<p>&nbsp;<\/p>\n<div class=\"embed-responsive embed-responsive-16by9\"><iframe title=\"scientific inter_view #2 - Marin Sele\u0161 (\u010cas posla design &amp; copywrite, Pu\u010dko otvoreno u\u010dili\u0161te)\" width=\"1170\" height=\"658\" src=\"https:\/\/www.youtube.com\/embed\/1GBNE_s8y4k?feature=oembed\" frameborder=\"0\" allow=\"accelerometer; autoplay; clipboard-write; encrypted-media; gyroscope; picture-in-picture; web-share\" referrerpolicy=\"strict-origin-when-cross-origin\" allowfullscreen><\/iframe><\/div>\n<p>&nbsp;<\/p>\n<p>3) The third lecture in the <strong><em>scientific inter_view<\/em><\/strong> series, on the topic <strong>\u00bbIs there a place for social sciences and humanities professionals in the IT world?\u00ab<\/strong>, was organized by the Centre for Interdisciplinary Research at the Faculty of Humanities and Social Sciences, Josip Juraj Strossmayer University of Osijek. The lecture was delivered by <strong>Assistant Professor Tomislav Jakopec, PhD<\/strong> from the <strong>Faculty of Humanities and Social Sciences in Osijek<\/strong> on 9 June 2020 (Tuesday), beginning at 6:00 p.m., via the Zoom online platform. Lecture moderator: Demian Papo.<\/p>\n<p>&nbsp;<\/p>\n<div class=\"embed-responsive embed-responsive-16by9\"><iframe title=\"scientific inter_view #3 - doc. dr. sc. Tomislav Jakopec (Filozofski fakultet Osijek)\" width=\"1170\" height=\"658\" src=\"https:\/\/www.youtube.com\/embed\/CxeBmdvWmTo?feature=oembed\" frameborder=\"0\" allow=\"accelerometer; autoplay; clipboard-write; encrypted-media; gyroscope; picture-in-picture; web-share\" referrerpolicy=\"strict-origin-when-cross-origin\" allowfullscreen><\/iframe><\/div>\n<p>&nbsp;<\/p>\n<p>4) The fourth lecture in the <strong><em>scientific inter_view<\/em><\/strong> series, on the topic <strong>\u00bbIs there a place for social sciences and humanities professionals in the IT world?\u00ab<\/strong>, was organized by the Centre for Interdisciplinary Research at the Faculty of Humanities and Social Sciences, Josip Juraj Strossmayer University of Osijek. The lecture was delivered by <strong>Davor Banovi\u0107<\/strong> from <em><strong>Shoutem<\/strong><\/em> and <strong>Marko Marincel<\/strong> from <em><strong>Factory<\/strong><\/em> on 2 July 2020 (Thursday), beginning at 5:00 p.m., via the Zoom online platform. Lecture moderator: Nemanja Spasenovski.<\/p>\n<p>&nbsp;<\/p>\n<div class=\"embed-responsive embed-responsive-16by9\"><iframe title=\"scientific inter_view #4 - Davor Banovi\u0107 (Shoutem); Marko Marincel (Factory)\" width=\"1170\" height=\"878\" src=\"https:\/\/www.youtube.com\/embed\/x04lihABHXg?feature=oembed\" frameborder=\"0\" allow=\"accelerometer; autoplay; clipboard-write; encrypted-media; gyroscope; picture-in-picture; web-share\" referrerpolicy=\"strict-origin-when-cross-origin\" allowfullscreen><\/iframe><\/div>\n","protected":false},"excerpt":{"rendered":"<p>scientific inter_view, vol. 1: \u00bbIs there a place for social sciences and humanities professionals in the IT world?\u00ab During the 2019\/2020 academic year, the first series of the popular science programme scientific inter_view was organized by the Centre for Interdisciplinary Research at the Faculty of Humanities and Social Sciences, Josip Juraj Strossmayer University of Osijek. [&hellip;]<\/p>\n","protected":false},"author":21,"featured_media":0,"parent":125505,"menu_order":0,"comment_status":"closed","ping_status":"closed","template":"","meta":{"_acf_changed":false,"footnotes":""},"class_list":["post-125511","page","type-page","status-publish","hentry"],"acf":[],"_links":{"self":[{"href":"https:\/\/www.ffos.unios.hr\/en\/wp-json\/wp\/v2\/pages\/125511","targetHints":{"allow":["GET"]}}],"collection":[{"href":"https:\/\/www.ffos.unios.hr\/en\/wp-json\/wp\/v2\/pages"}],"about":[{"href":"https:\/\/www.ffos.unios.hr\/en\/wp-json\/wp\/v2\/types\/page"}],"author":[{"embeddable":true,"href":"https:\/\/www.ffos.unios.hr\/en\/wp-json\/wp\/v2\/users\/21"}],"replies":[{"embeddable":true,"href":"https:\/\/www.ffos.unios.hr\/en\/wp-json\/wp\/v2\/comments?post=125511"}],"version-history":[{"count":2,"href":"https:\/\/www.ffos.unios.hr\/en\/wp-json\/wp\/v2\/pages\/125511\/revisions"}],"predecessor-version":[{"id":125513,"href":"https:\/\/www.ffos.unios.hr\/en\/wp-json\/wp\/v2\/pages\/125511\/revisions\/125513"}],"up":[{"embeddable":true,"href":"https:\/\/www.ffos.unios.hr\/en\/wp-json\/wp\/v2\/pages\/125505"}],"wp:attachment":[{"href":"https:\/\/www.ffos.unios.hr\/en\/wp-json\/wp\/v2\/media?parent=125511"}],"curies":[{"name":"wp","href":"https:\/\/api.w.org\/{rel}","templated":true}]}}

<h1 style="text-align: center;"><span style="color: #000000;"><strong><em>scientific inter_view</em>, vol. 1: </strong></span></h1>
<h2 style="text-align: center;"><span style="color: #000000;"><strong>»Is there a place for social sciences and humanities professionals in the IT world?«</strong></span></h2>
<p style="text-align: justify;">During the 2019/2020 academic year, the first series of the popular science programme <strong>scientific inter_view</strong> was organized by the <strong>Centre for Interdisciplinary Research at the Faculty of Humanities and Social Sciences, Josip Juraj Strossmayer University of Osijek</strong>. The overarching theme of the series was <strong>“Is there a place for social sciences and humanities professionals in the IT world?”</strong>, and the events focused on exploring opportunities for professional engagement, employment and interdisciplinary collaboration between experts in the social sciences and humanities and the IT sector.</p>
<p>The series featured <strong>Boris Rauš</strong> from Bamboo Lab, <strong>Marin Seleš</strong> from Čas posla design &amp; copywrite and the Open University, <strong>Assistant Professor Tomislav Jakopec, PhD</strong> from the Faculty of Humanities and Social Sciences in Osijek, as well as <strong>Davor Banović</strong> from Shoutem and <strong>Marko Marincel</strong> from Factory. Their lectures addressed the application of social sciences and humanities knowledge in digital and technological environments, opportunities for cooperation between the academic and business sectors, and the development of competencies relevant to the contemporary labour market.</p>
<p>All lectures in the first series were held via the Zoom online platform, and the event moderators were <strong>Sergej Filipović</strong>, <strong>Hrvoje Potlimbrzović</strong>, <strong>Demian Papo</strong> and <strong>Nemanja Spasenovski</strong>.</p>
<hr />
<p>1) The first lecture in the <strong><em>scientific inter_view</em></strong> series, on the topic <strong>»Is there a place for social sciences and humanities professionals in the IT world?«</strong>, was organized by the Centre for Interdisciplinary Research at the Faculty of Humanities and Social Sciences, Josip Juraj Strossmayer University of Osijek. The lecture was delivered by <strong>Boris Rauš</strong> from <em><strong>Bamboo Lab</strong></em> on 13 May 2020 (Wednesday), beginning at 7:00 p.m., via the Zoom online platform. Lecture moderator: Sergej Filipović.</p>
<p>&nbsp;</p>
<div class="embed-responsive embed-responsive-16by9"><iframe title="scientific inter_view #1 - Boris Rauš (Bamboo Lab)" width="1170" height="878" src="https://www.youtube.com/embed/vwLHCPaTqCM?feature=oembed" frameborder="0" allow="accelerometer; autoplay; clipboard-write; encrypted-media; gyroscope; picture-in-picture; web-share" referrerpolicy="strict-origin-when-cross-origin" allowfullscreen></iframe></div>
<p>&nbsp;</p>
<p>2) The second lecture in the <strong><em>scientific inter_view</em></strong> series, on the topic <strong>»Is there a place for social sciences and humanities professionals in the IT world?«</strong>, was organized by the Centre for Interdisciplinary Research at the Faculty of Humanities and Social Sciences, Josip Juraj Strossmayer University of Osijek. The lecture was delivered by <strong>Marin Seleš</strong> from <em><strong>Čas posla design &amp; copywrite</strong></em> and the <em><strong>Open University</strong></em> on 27 May 2020 (Wednesday), beginning at 7:00 p.m., via the Zoom online platform. Lecture moderator: Hrvoje Potlimbrzović.</p>
<p>&nbsp;</p>
<div class="embed-responsive embed-responsive-16by9"><iframe title="scientific inter_view #2 - Marin Seleš (Čas posla design &amp; copywrite, Pučko otvoreno učilište)" width="1170" height="658" src="https://www.youtube.com/embed/1GBNE_s8y4k?feature=oembed" frameborder="0" allow="accelerometer; autoplay; clipboard-write; encrypted-media; gyroscope; picture-in-picture; web-share" referrerpolicy="strict-origin-when-cross-origin" allowfullscreen></iframe></div>
<p>&nbsp;</p>
<p>3) The third lecture in the <strong><em>scientific inter_view</em></strong> series, on the topic <strong>»Is there a place for social sciences and humanities professionals in the IT world?«</strong>, was organized by the Centre for Interdisciplinary Research at the Faculty of Humanities and Social Sciences, Josip Juraj Strossmayer University of Osijek. The lecture was delivered by <strong>Assistant Professor Tomislav Jakopec, PhD</strong> from the <strong>Faculty of Humanities and Social Sciences in Osijek</strong> on 9 June 2020 (Tuesday), beginning at 6:00 p.m., via the Zoom online platform. Lecture moderator: Demian Papo.</p>
<p>&nbsp;</p>
<div class="embed-responsive embed-responsive-16by9"><iframe title="scientific inter_view #3 - doc. dr. sc. Tomislav Jakopec (Filozofski fakultet Osijek)" width="1170" height="658" src="https://www.youtube.com/embed/CxeBmdvWmTo?feature=oembed" frameborder="0" allow="accelerometer; autoplay; clipboard-write; encrypted-media; gyroscope; picture-in-picture; web-share" referrerpolicy="strict-origin-when-cross-origin" allowfullscreen></iframe></div>
<p>&nbsp;</p>
<p>4) The fourth lecture in the <strong><em>scientific inter_view</em></strong> series, on the topic <strong>»Is there a place for social sciences and humanities professionals in the IT world?«</strong>, was organized by the Centre for Interdisciplinary Research at the Faculty of Humanities and Social Sciences, Josip Juraj Strossmayer University of Osijek. The lecture was delivered by <strong>Davor Banović</strong> from <em><strong>Shoutem</strong></em> and <strong>Marko Marincel</strong> from <em><strong>Factory</strong></em> on 2 July 2020 (Thursday), beginning at 5:00 p.m., via the Zoom online platform. Lecture moderator: Nemanja Spasenovski.</p>
<p>&nbsp;</p>
<div class="embed-responsive embed-responsive-16by9"><iframe title="scientific inter_view #4 - Davor Banović (Shoutem); Marko Marincel (Factory)" width="1170" height="878" src="https://www.youtube.com/embed/x04lihABHXg?feature=oembed" frameborder="0" allow="accelerometer; autoplay; clipboard-write; encrypted-media; gyroscope; picture-in-picture; web-share" referrerpolicy="strict-origin-when-cross-origin" allowfullscreen></iframe></div>
