{"id":126011,"date":"2025-12-16T13:58:34","date_gmt":"2025-12-16T12:58:34","guid":{"rendered":"https:\/\/www.ffos.unios.hr\/about-us\/suradnja-sa-zajednicom\/arhiva\/"},"modified":"2026-08-28T14:31:37","modified_gmt":"2026-08-28T12:31:37","slug":"arhiva","status":"publish","type":"page","link":"https:\/\/www.ffos.unios.hr\/en\/about-us\/suradnja-sa-zajednicom\/arhiva\/","title":{"rendered":"Archive"},"content":{"rendered":"<table style=\"width: 1000px; border-style: solid;\" width=\"1000\">\n<tbody>\n<tr>\n<td style=\"border-style: solid;\" width=\"92\"><strong>cooperation \/ activity \/ project<\/strong><\/p>\n<p><strong>\u00a0<\/strong><\/td>\n<td style=\"border-style: solid;\" width=\"106\"><strong>objective<\/strong><\/td>\n<td style=\"width: 161px; border-style: solid;\" width=\"161\"><strong>partners<\/strong><\/td>\n<td style=\"border-style: solid;\" width=\"104\"><strong>period<\/strong><\/td>\n<td style=\"border-style: solid;\" width=\"197\"><strong>website<\/strong><\/td>\n<\/tr>\n<tr>\n<td style=\"border-style: solid;\" width=\"92\"><em>Running for Mental Health<\/em><\/td>\n<td style=\"border-style: solid;\" width=\"106\">Destigmatization of mental health difficulties and promotion of physical activity.<\/td>\n<td style=\"border-style: solid;\" width=\"161\">Student Council of Josip Juraj Strossmayer University of Osijek, City of Osijek, Osijek-Baranja County, Run4Fun Association, Breza Youth Association, Teaching Institute of Public Health of Osijek-Baranja County, sports associations<\/p>\n<p>&nbsp;<\/td>\n<td style=\"border-style: solid;\" width=\"104\">ongoing since 2022<\/td>\n<td style=\"border-style: solid;\" width=\"197\"><a href=\"https:\/\/www.ffos.unios.hr\/en\/science-portal\/centers\/centre-for-prevention-in-the-community\/\">https:\/\/www.ffos.unios.hr\/en\/science-portal\/centers\/centre-for-prevention-in-the-community\/<\/a><\/td>\n<\/tr>\n<tr>\n<td style=\"border-style: solid;\" width=\"92\"><em>FFOS Cycling Tour<\/em><\/td>\n<td style=\"border-style: solid;\" width=\"106\">The cycling tour is organized in support of the Croatian Library Association&#8217;s national campaign for people with reading difficulties and dyslexia, \u201c<a href=\"https:\/\/ijazelimcitati.org\/\" rel=\"noopener\">I Want to Read Too<\/a>\u201d. The aim of the campaign is to inform the public and raise awareness of the challenges faced by people with reading difficulties and dyslexia.<\/p>\n<p>&nbsp;<\/td>\n<td style=\"border-style: solid;\" width=\"161\">Centre for Mental Health and Physical Activity at the Faculty of Humanities and Social Sciences in Osijek, Department of Information Sciences, Department of Psychology, Libros Information Sciences Student Club and Psihos Psychology Student Club, SUVAG Polyclinic Osijek, City and University Library Osijek, Association of Librarians of Slavonia, Baranja and Srijem, Osijek branch of the Croatian Reading Association, and the City Association for Sports Recreation \u201cSport for All\u201d<\/td>\n<td style=\"border-style: solid;\" width=\"104\">ongoing since 2019<\/td>\n<td style=\"border-style: solid;\" width=\"197\"><a href=\"https:\/\/www.ffos.unios.hr\/en\/ffos-cycling-tour-2026\/\">https:\/\/www.ffos.unios.hr\/en\/ffos-cycling-tour-2026\/<\/a><\/p>\n<p>&nbsp;<\/p>\n<p><a href=\"https:\/\/www.ffos.unios.hr\/en\/the-sixth-ffos-cycling-tour-held\/\">https:\/\/www.ffos.unios.hr\/en\/the-sixth-ffos-cycling-tour-held\/<\/a><\/p>\n<p>&nbsp;<\/p>\n<p><a href=\"https:\/\/www.ffos.unios.hr\/en\/another-ffos-cycling-tour-held\/\">https:\/\/www.ffos.unios.hr\/en\/another-ffos-cycling-tour-held\/<\/a><\/p>\n<p>&nbsp;<\/p>\n<p><a href=\"https:\/\/www.ffos.unios.hr\/en\/cycling-tour-of-the-faculty-of-humanities-and-social-sciences-in-osijek-held\/\">https:\/\/www.ffos.unios.hr\/en\/cycling-tour-of-the-faculty-of-humanities-and-social-sciences-in-osijek-held\/<\/a><\/p>\n<p>&nbsp;<\/p>\n<p><a href=\"https:\/\/www.ffos.unios.hr\/en\/cycling-tour-held\/\">https:\/\/www.ffos.unios.hr\/en\/cycling-tour-held\/<\/a><\/p>\n<p>&nbsp;<\/p>\n<p>&nbsp;<\/p>\n<p><a href=\"https:\/\/oziz.ffos.hr\/novosti\/?p=4421\" rel=\"noopener\">https:\/\/oziz.ffos.hr\/novosti\/?p=4421<\/a><\/td>\n<\/tr>\n<tr>\n<td style=\"border-style: solid;\" width=\"92\"><em>Interactive Picture Book &#8220;Ma\u010dkamama&#8221; (Service Learning)<\/em><\/td>\n<td style=\"border-style: solid;\" width=\"106\">Adapting local heritage for children with motor and cognitive difficulties through digital and physical media.<\/p>\n<p>&nbsp;<\/td>\n<td style=\"border-style: solid;\" width=\"161\">Ivan \u0160tark Centre for Education, Snaga kulture Association, City of Osijek<\/td>\n<td style=\"border-style: solid;\" width=\"104\">October 2024<\/td>\n<td style=\"border-style: solid;\" width=\"197\"><a href=\"https:\/\/oziz.ffos.hr\/novosti\/?p=5690\" rel=\"noopener\">https:\/\/oziz.ffos.hr\/novosti\/?p=5690<\/a><\/p>\n<p>&nbsp;<\/td>\n<\/tr>\n<tr>\n<td style=\"border-style: solid;\" width=\"92\"><em>Cooperation with the Education System (City of Osijek)<\/em><\/p>\n<p><em>\u00a0<\/em><\/td>\n<td style=\"border-style: solid;\" width=\"106\"><\/td>\n<td style=\"border-style: solid;\" width=\"161\">Osijek Centre of Excellence (CIO)<\/td>\n<td style=\"border-style: solid;\" width=\"104\">2019<\/td>\n<td style=\"border-style: solid;\" width=\"197\"><a href=\"https:\/\/www.osijek031.com\/osijek.php?topic_id=76482\" rel=\"noopener\">https:\/\/www.osijek031.com\/osijek.php?topic_id=76482<\/a><\/td>\n<\/tr>\n<tr>\n<td style=\"border-style: solid;\" width=\"92\"><em>Building Dementia-Friendly Public Libraries: Theoretical and Practical Considerations<\/em><\/p>\n<p><em>\u00a0<\/em><\/td>\n<td style=\"border-style: solid;\" width=\"106\">Cooperation with public libraries and civil society organizations in providing services and programmes for older people and people with dementia and their caregivers; raising public awareness of dementia.<\/p>\n<p>&nbsp;<\/td>\n<td style=\"border-style: solid;\" width=\"161\"><em>Museum of Slavonia, City and University Library Osijek, Active Retirees Association Osijek, Osijek City Red Cross Society<\/em><\/td>\n<td style=\"border-style: solid;\" width=\"104\">2021\u20132025<\/p>\n<p>&nbsp;<\/td>\n<td style=\"border-style: solid;\" width=\"197\"><a href=\"https:\/\/demencija-pnk.ffos.hr\/\" rel=\"noopener\">https:\/\/demencija-pnk.ffos.hr\/<\/a><\/p>\n<p>&nbsp;<\/p>\n<p><a href=\"https:\/\/www.ffos.unios.hr\/en\/building-dementia-friendly-public-libraries-theoretical-and-practical-considerations\/\">https:\/\/www.ffos.unios.hr\/en\/building-dementia-friendly-public-libraries-theoretical-and-practical-considerations\/<\/a><\/p>\n<p>&nbsp;<\/p>\n<p><a href=\"https:\/\/webshop.ffos.hr\/proizvod\/vodic-za-osobe-s-alzheimerovom-bolescu-i-njihove-clanove-obitelji\/\" rel=\"noopener\">https:\/\/webshop.ffos.hr\/proizvod\/vodic-za-osobe-s-alzheimerovom-bolescu-i-njihove-clanove-obitelji\/<\/a><\/td>\n<\/tr>\n<tr>\n<td style=\"border-style: solid;\" width=\"92\"><em>FUZ&amp;JA and Philosophy on Air<\/em><\/td>\n<td style=\"border-style: solid;\" width=\"106\">Bringing researchers outside their offices and enabling direct communication with the local community on current topics.<\/p>\n<p>&nbsp;<\/td>\n<td style=\"border-style: solid;\" width=\"161\"><\/td>\n<td style=\"border-style: solid;\" width=\"104\">ongoing<\/td>\n<td style=\"border-style: solid;\" width=\"197\"><a href=\"https:\/\/www.ffos.unios.hr\/en\/science-portal\/fuzija\/\">https:\/\/www.ffos.unios.hr\/en\/science-portal\/fuzija\/<\/a><\/td>\n<\/tr>\n<tr>\n<td style=\"border-style: solid;\" width=\"92\"><em>Centre for Community Prevention<\/em><\/td>\n<td style=\"border-style: solid;\" width=\"106\"><\/td>\n<td style=\"border-style: solid;\" width=\"161\"><\/td>\n<td style=\"border-style: solid;\" width=\"104\"><\/td>\n<td style=\"border-style: solid;\" width=\"197\"><a href=\"https:\/\/www.ffos.unios.hr\/en\/science-portal\/\">https:\/\/www.ffos.unios.hr\/en\/science-portal\/<\/a><\/p>\n<p>&nbsp;<\/p>\n<p><a href=\"https:\/\/www.ffos.unios.hr\/en\/science-portal\/centers\/centre-for-prevention-in-the-community\/\">https:\/\/www.ffos.unios.hr\/en\/science-portal\/centers\/centre-for-prevention-in-the-community\/<\/a><\/p>\n<p>&nbsp;<\/td>\n<\/tr>\n<tr>\n<td style=\"border-style: solid;\" width=\"92\"><em>Open Thursday<\/em><\/td>\n<td style=\"border-style: solid;\" width=\"106\"><\/td>\n<td style=\"border-style: solid;\" width=\"161\">FFOS Alumni Association and professionals from practice.<\/p>\n<p>&nbsp;<\/td>\n<td style=\"border-style: solid;\" width=\"104\">ongoing<\/td>\n<td style=\"border-style: solid;\" width=\"197\"><a href=\"https:\/\/www.ffos.unios.hr\/en\/science-portal\/open-thursday\/\">https:\/\/www.ffos.unios.hr\/en\/science-portal\/open-thursday\/<\/a><\/td>\n<\/tr>\n<tr>\n<td style=\"border-style: solid;\" width=\"92\"><em>STEMpo \u2013 Rhythm of the Community: Digital Competences for Human Development<\/em><\/p>\n<p><em>\u00a0<\/em><\/p>\n<p><em>\u00a0<\/em><\/td>\n<td style=\"border-style: solid;\" width=\"106\">Strengthening DKolektiv&#8217;s capacities in order to increase interest in STEM fields, strengthen ICT and digital competences, and encourage the active participation of pupils and the community in STEM activities aimed at community development, solidarity, inclusion and sustainable development through an interdisciplinary approach and cooperation with the academic community and schools.<\/p>\n<p>&nbsp;<\/td>\n<td style=\"border-style: solid;\" width=\"161\">DKolektiv \u2013 Community Development Organization (project coordinator); project partners: Josip Juraj Strossmayer University of Osijek \u2013 Faculty of Humanities and Social Sciences in Osijek, Fran Krsto Frankopan Primary School (Osijek), Franjo Kre\u017ema Primary School (Osijek), Hinko Juhn Primary School (Podgora\u010d), Ivana Brli\u0107-Ma\u017eurani\u0107 Primary School (Strizivojna), Ljudevit Gaj Primary School (Osijek) and Vladimir Beci\u0107 Primary School (Osijek)<\/td>\n<td style=\"border-style: solid;\" width=\"104\">12 March 2025 \u2013 11 March 2028<\/td>\n<td style=\"border-style: solid;\" width=\"197\"><a href=\"https:\/\/www.dkolektiv.hr\/hr\/project\/stempo-ritam-zajednice-digitalne-kompetencije-za-humani-razvoj\" rel=\"noopener\">https:\/\/www.dkolektiv.hr\/hr\/project\/stempo-ritam-zajednice-digitalne-kompetencije-za-humani-razvoj<\/a><\/td>\n<\/tr>\n<\/tbody>\n<\/table>\n","protected":false},"excerpt":{"rendered":"<p>cooperation \/ activity \/ project \u00a0 objective partners period website Running for Mental Health Destigmatization of mental health difficulties and promotion of physical activity. Student Council of Josip Juraj Strossmayer University of Osijek, City of Osijek, Osijek-Baranja County, Run4Fun Association, Breza Youth Association, Teaching Institute of Public Health of Osijek-Baranja County, sports associations &nbsp; ongoing [&hellip;]<\/p>\n","protected":false},"author":7,"featured_media":125984,"parent":125986,"menu_order":0,"comment_status":"closed","ping_status":"closed","template":"","meta":{"_acf_changed":false,"footnotes":""},"class_list":["post-126011","page","type-page","status-publish","has-post-thumbnail","hentry"],"acf":[],"_links":{"self":[{"href":"https:\/\/www.ffos.unios.hr\/en\/wp-json\/wp\/v2\/pages\/126011","targetHints":{"allow":["GET"]}}],"collection":[{"href":"https:\/\/www.ffos.unios.hr\/en\/wp-json\/wp\/v2\/pages"}],"about":[{"href":"https:\/\/www.ffos.unios.hr\/en\/wp-json\/wp\/v2\/types\/page"}],"author":[{"embeddable":true,"href":"https:\/\/www.ffos.unios.hr\/en\/wp-json\/wp\/v2\/users\/7"}],"replies":[{"embeddable":true,"href":"https:\/\/www.ffos.unios.hr\/en\/wp-json\/wp\/v2\/comments?post=126011"}],"version-history":[{"count":3,"href":"https:\/\/www.ffos.unios.hr\/en\/wp-json\/wp\/v2\/pages\/126011\/revisions"}],"predecessor-version":[{"id":126036,"href":"https:\/\/www.ffos.unios.hr\/en\/wp-json\/wp\/v2\/pages\/126011\/revisions\/126036"}],"up":[{"embeddable":true,"href":"https:\/\/www.ffos.unios.hr\/en\/wp-json\/wp\/v2\/pages\/125986"}],"wp:featuredmedia":[{"embeddable":true,"href":"https:\/\/www.ffos.unios.hr\/en\/wp-json\/wp\/v2\/media\/125984"}],"wp:attachment":[{"href":"https:\/\/www.ffos.unios.hr\/en\/wp-json\/wp\/v2\/media?parent=126011"}],"curies":[{"name":"wp","href":"https:\/\/api.w.org\/{rel}","templated":true}]}}

<table style="width: 1000px; border-style: solid;" width="1000">
<tbody>
<tr>
<td style="border-style: solid;" width="92"><strong>cooperation / activity / project</strong></p>
<p><strong> </strong></td>
<td style="border-style: solid;" width="106"><strong>objective</strong></td>
<td style="width: 161px; border-style: solid;" width="161"><strong>partners</strong></td>
<td style="border-style: solid;" width="104"><strong>period</strong></td>
<td style="border-style: solid;" width="197"><strong>website</strong></td>
</tr>
<tr>
<td style="border-style: solid;" width="92"><em>Running for Mental Health</em></td>
<td style="border-style: solid;" width="106">Destigmatization of mental health difficulties and promotion of physical activity.</td>
<td style="border-style: solid;" width="161">Student Council of Josip Juraj Strossmayer University of Osijek, City of Osijek, Osijek-Baranja County, Run4Fun Association, Breza Youth Association, Teaching Institute of Public Health of Osijek-Baranja County, sports associations</p>
<p>&nbsp;</td>
<td style="border-style: solid;" width="104">ongoing since 2022</td>
<td style="border-style: solid;" width="197"><a href="https://www.ffos.unios.hr/en/science-portal/centers/centre-for-prevention-in-the-community/">https://www.ffos.unios.hr/en/science-portal/centers/centre-for-prevention-in-the-community/</a></td>
</tr>
<tr>
<td style="border-style: solid;" width="92"><em>FFOS Cycling Tour</em></td>
<td style="border-style: solid;" width="106">The cycling tour is organized in support of the Croatian Library Association&#8217;s national campaign for people with reading difficulties and dyslexia, “<a href="https://ijazelimcitati.org/" rel="noopener">I Want to Read Too</a>”. The aim of the campaign is to inform the public and raise awareness of the challenges faced by people with reading difficulties and dyslexia.</p>
<p>&nbsp;</td>
<td style="border-style: solid;" width="161">Centre for Mental Health and Physical Activity at the Faculty of Humanities and Social Sciences in Osijek, Department of Information Sciences, Department of Psychology, Libros Information Sciences Student Club and Psihos Psychology Student Club, SUVAG Polyclinic Osijek, City and University Library Osijek, Association of Librarians of Slavonia, Baranja and Srijem, Osijek branch of the Croatian Reading Association, and the City Association for Sports Recreation “Sport for All”</td>
<td style="border-style: solid;" width="104">ongoing since 2019</td>
<td style="border-style: solid;" width="197"><a href="https://www.ffos.unios.hr/en/ffos-cycling-tour-2026/">https://www.ffos.unios.hr/en/ffos-cycling-tour-2026/</a></p>
<p>&nbsp;</p>
<p><a href="https://www.ffos.unios.hr/en/the-sixth-ffos-cycling-tour-held/">https://www.ffos.unios.hr/en/the-sixth-ffos-cycling-tour-held/</a></p>
<p>&nbsp;</p>
<p><a href="https://www.ffos.unios.hr/en/another-ffos-cycling-tour-held/">https://www.ffos.unios.hr/en/another-ffos-cycling-tour-held/</a></p>
<p>&nbsp;</p>
<p><a href="https://www.ffos.unios.hr/en/cycling-tour-of-the-faculty-of-humanities-and-social-sciences-in-osijek-held/">https://www.ffos.unios.hr/en/cycling-tour-of-the-faculty-of-humanities-and-social-sciences-in-osijek-held/</a></p>
<p>&nbsp;</p>
<p><a href="https://www.ffos.unios.hr/en/cycling-tour-held/">https://www.ffos.unios.hr/en/cycling-tour-held/</a></p>
<p>&nbsp;</p>
<p>&nbsp;</p>
<p><a href="https://oziz.ffos.hr/novosti/?p=4421" rel="noopener">https://oziz.ffos.hr/novosti/?p=4421</a></td>
</tr>
<tr>
<td style="border-style: solid;" width="92"><em>Interactive Picture Book &#8220;Mačkamama&#8221; (Service Learning)</em></td>
<td style="border-style: solid;" width="106">Adapting local heritage for children with motor and cognitive difficulties through digital and physical media.</p>
<p>&nbsp;</td>
<td style="border-style: solid;" width="161">Ivan Štark Centre for Education, Snaga kulture Association, City of Osijek</td>
<td style="border-style: solid;" width="104">October 2024</td>
<td style="border-style: solid;" width="197"><a href="https://oziz.ffos.hr/novosti/?p=5690" rel="noopener">https://oziz.ffos.hr/novosti/?p=5690</a></p>
<p>&nbsp;</td>
</tr>
<tr>
<td style="border-style: solid;" width="92"><em>Cooperation with the Education System (City of Osijek)</em></p>
<p><em> </em></td>
<td style="border-style: solid;" width="106"></td>
<td style="border-style: solid;" width="161">Osijek Centre of Excellence (CIO)</td>
<td style="border-style: solid;" width="104">2019</td>
<td style="border-style: solid;" width="197"><a href="https://www.osijek031.com/osijek.php?topic_id=76482" rel="noopener">https://www.osijek031.com/osijek.php?topic_id=76482</a></td>
</tr>
<tr>
<td style="border-style: solid;" width="92"><em>Building Dementia-Friendly Public Libraries: Theoretical and Practical Considerations</em></p>
<p><em> </em></td>
<td style="border-style: solid;" width="106">Cooperation with public libraries and civil society organizations in providing services and programmes for older people and people with dementia and their caregivers; raising public awareness of dementia.</p>
<p>&nbsp;</td>
<td style="border-style: solid;" width="161"><em>Museum of Slavonia, City and University Library Osijek, Active Retirees Association Osijek, Osijek City Red Cross Society</em></td>
<td style="border-style: solid;" width="104">2021–2025</p>
<p>&nbsp;</td>
<td style="border-style: solid;" width="197"><a href="https://demencija-pnk.ffos.hr/" rel="noopener">https://demencija-pnk.ffos.hr/</a></p>
<p>&nbsp;</p>
<p><a href="https://www.ffos.unios.hr/en/building-dementia-friendly-public-libraries-theoretical-and-practical-considerations/">https://www.ffos.unios.hr/en/building-dementia-friendly-public-libraries-theoretical-and-practical-considerations/</a></p>
<p>&nbsp;</p>
<p><a href="https://webshop.ffos.hr/proizvod/vodic-za-osobe-s-alzheimerovom-bolescu-i-njihove-clanove-obitelji/" rel="noopener">https://webshop.ffos.hr/proizvod/vodic-za-osobe-s-alzheimerovom-bolescu-i-njihove-clanove-obitelji/</a></td>
</tr>
<tr>
<td style="border-style: solid;" width="92"><em>FUZ&amp;JA and Philosophy on Air</em></td>
<td style="border-style: solid;" width="106">Bringing researchers outside their offices and enabling direct communication with the local community on current topics.</p>
<p>&nbsp;</td>
<td style="border-style: solid;" width="161"></td>
<td style="border-style: solid;" width="104">ongoing</td>
<td style="border-style: solid;" width="197"><a href="https://www.ffos.unios.hr/en/science-portal/fuzija/">https://www.ffos.unios.hr/en/science-portal/fuzija/</a></td>
</tr>
<tr>
<td style="border-style: solid;" width="92"><em>Centre for Community Prevention</em></td>
<td style="border-style: solid;" width="106"></td>
<td style="border-style: solid;" width="161"></td>
<td style="border-style: solid;" width="104"></td>
<td style="border-style: solid;" width="197"><a href="https://www.ffos.unios.hr/en/science-portal/">https://www.ffos.unios.hr/en/science-portal/</a></p>
<p>&nbsp;</p>
<p><a href="https://www.ffos.unios.hr/en/science-portal/centers/centre-for-prevention-in-the-community/">https://www.ffos.unios.hr/en/science-portal/centers/centre-for-prevention-in-the-community/</a></p>
<p>&nbsp;</td>
</tr>
<tr>
<td style="border-style: solid;" width="92"><em>Open Thursday</em></td>
<td style="border-style: solid;" width="106"></td>
<td style="border-style: solid;" width="161">FFOS Alumni Association and professionals from practice.</p>
<p>&nbsp;</td>
<td style="border-style: solid;" width="104">ongoing</td>
<td style="border-style: solid;" width="197"><a href="https://www.ffos.unios.hr/en/science-portal/open-thursday/">https://www.ffos.unios.hr/en/science-portal/open-thursday/</a></td>
</tr>
<tr>
<td style="border-style: solid;" width="92"><em>STEMpo – Rhythm of the Community: Digital Competences for Human Development</em></p>
<p><em> </em></p>
<p><em> </em></td>
<td style="border-style: solid;" width="106">Strengthening DKolektiv&#8217;s capacities in order to increase interest in STEM fields, strengthen ICT and digital competences, and encourage the active participation of pupils and the community in STEM activities aimed at community development, solidarity, inclusion and sustainable development through an interdisciplinary approach and cooperation with the academic community and schools.</p>
<p>&nbsp;</td>
<td style="border-style: solid;" width="161">DKolektiv – Community Development Organization (project coordinator); project partners: Josip Juraj Strossmayer University of Osijek – Faculty of Humanities and Social Sciences in Osijek, Fran Krsto Frankopan Primary School (Osijek), Franjo Krežma Primary School (Osijek), Hinko Juhn Primary School (Podgorač), Ivana Brlić-Mažuranić Primary School (Strizivojna), Ljudevit Gaj Primary School (Osijek) and Vladimir Becić Primary School (Osijek)</td>
<td style="border-style: solid;" width="104">12 March 2025 – 11 March 2028</td>
<td style="border-style: solid;" width="197"><a href="https://www.dkolektiv.hr/hr/project/stempo-ritam-zajednice-digitalne-kompetencije-za-humani-razvoj" rel="noopener">https://www.dkolektiv.hr/hr/project/stempo-ritam-zajednice-digitalne-kompetencije-za-humani-razvoj</a></td>
</tr>
</tbody>
</table>
