{"id":126877,"date":"2022-01-31T15:41:34","date_gmt":"2022-01-31T14:41:34","guid":{"rendered":"https:\/\/www.ffos.unios.hr\/sub-department-of-hungarian-language-and-literature\/studentska-praksa\/"},"modified":"2026-09-02T09:41:05","modified_gmt":"2026-09-02T07:41:05","slug":"student-practice","status":"publish","type":"page","link":"https:\/\/www.ffos.unios.hr\/en\/sub-department-of-hungarian-language-and-literature\/student-practice\/","title":{"rendered":"Student Practice (Hungarian)"},"content":{"rendered":"<h3 style=\"text-align: center;\"><strong>Professional Practice<\/strong><\/h3>\n<h3 style=\"text-align: center;\"><span style=\"color: #ff0000;\"><strong>\u2193 Description of Professional Practice \u2193<\/strong><\/span><\/h3>\n<p>&nbsp;<\/p>\n<p style=\"text-align: justify;\">Second-year graduate students of Communication Studies participate in professional practice, the conditions and requirements of which are set out in the Regulations on Student Professional Practice.<\/p>\n<p style=\"text-align: justify;\">Students complete 65 hours of practice (65&#215;45 min.) in radio and television newsrooms, editorial offices of daily and weekly newspapers and magazines, tourist board offices, companies, scientific institutions and educational institutions. During the practice, they have the opportunity to become familiar with the details and procedures of journalistic and editorial work, as well as the use of the Hungarian language, and to gain experience in various forms of public communication. During the practice, they are supervised by professional mentors, and at the end of the professional practice students are required to submit the Practice Diary to the practice coordinator.<\/p>\n<p style=\"text-align: justify;\">The Faculty of Humanities and Social Sciences in Osijek cooperates with the following institutions and companies where students can complete their practice: <em>Slavonska Televizija, Osje\u010dka Televizija, HRT Centre Osijek, \u00daj Magyar K\u00e9pes\u00fajs\u00e1g, the Dr\u00e1vat\u00e1j programme, Radio UNIOS, PITOMI RADIO, Bilje Tourist Board, Educational and Cultural Centre of Hungarians in the Republic of Croatia, Glotta Institute for Language.<\/em><\/p>\n<p style=\"text-align: justify;\">Students are required to enter the dates of their practice at least two weeks in advance and complete the diary in the application available at: <a href=\"http:\/\/sokrat.ffos.hr\/ff-studenti\" rel=\"noopener\">http:\/\/sokrat.ffos.hr\/ff-studenti<\/a><\/p>\n<p>&nbsp;<\/p>\n<p style=\"text-align: justify;\"><strong>Practice coordinator:<\/strong><br \/>\nTimea Anita Bockovac: <a href=\"tbockovac@ffos.hr\">tbockovac@ffos.hr<\/a><\/p>\n<p style=\"text-align: justify;\"><a href=\"https:\/\/www.ffos.unios.hr\/wp-content\/uploads\/2022\/02\/dnevnik-prakse.docx\">practice-diary<\/a><\/p>\n<p style=\"text-align: justify;\"><a href=\"https:\/\/www.ffos.unios.hr\/wp-content\/uploads\/2022\/07\/Pravilnik-o-studentskoj-praksi-na-Filozofskom-fakultetu-Sveucilista-Josipa-Jurja-Strossmayera.pdf\">regulations-on-student-professional-practice<\/a><\/p>\n<hr \/>\n<h3 style=\"text-align: center;\"><span style=\"color: #ff0000;\"><strong>\u2193 List of Current Institutions Where Student Practice Is Organised \u2193<\/strong><\/span><\/h3>\n<p style=\"text-align: justify;\"><strong> <\/strong><\/p>\n<p style=\"text-align: justify;\"><strong>INFORMATIVNI CENTAR VIROVITICA d.o.o.<\/strong><\/p>\n<p style=\"text-align: justify;\">33000 Virovitica<\/p>\n<p style=\"text-align: justify;\">Ferde Rusana 1\/9<\/p>\n<p style=\"text-align: justify;\">Robert Cenger<\/p>\n<p style=\"text-align: justify;\"><a href=\"mailto:robert.cenger@gmail.com\">robert.cenger@gmail.com<\/a><\/p>\n<p>&nbsp;<\/p>\n<p style=\"text-align: justify;\"><strong>RADIO SLAVONIJA-SLAVONSKA POSAVINA d.o.o.<\/strong><\/p>\n<p style=\"text-align: justify;\">5000 Slavonski Brod<\/p>\n<p style=\"text-align: justify;\">Dr. Mile Budaka 1.<\/p>\n<p style=\"text-align: justify;\">Ankica Galovi\u0107<\/p>\n<p style=\"text-align: justify;\"><a href=\"mailto:a.galovi\u0107.rs@gmail.com\">a.galovi\u0107.rs@gmail.com<\/a><\/p>\n<p>&nbsp;<\/p>\n<p style=\"text-align: justify;\"><strong>FERIT-RADIO UNIOS<\/strong><\/p>\n<p style=\"text-align: justify;\">31000 Osijek<\/p>\n<p style=\"text-align: justify;\">Kneza Trpimira 2b<\/p>\n<p style=\"text-align: justify;\">Ana \u0160ok\u010devi\u0107<\/p>\n<p style=\"text-align: justify;\"><a href=\"mailto:ana.\u0161ok\u010devi\u0107@ferit.hr\">ana.\u0161ok\u010devi\u0107@ferit.hr<\/a><\/p>\n<p>&nbsp;<\/p>\n<p style=\"text-align: justify;\"><strong>GLOTTA INSTITUTE FOR LANGUAGE<\/strong><\/p>\n<p style=\"text-align: justify;\">31000 Osijek<\/p>\n<p style=\"text-align: justify;\">Vukovarska 125.<\/p>\n<p style=\"text-align: justify;\">Ana Lehocki Samard\u017ei\u0107<\/p>\n<p style=\"text-align: justify;\"><a href=\"mailto:alehocki@ffos.hr\">alehocki@ffos.hr<\/a><\/p>\n<p>&nbsp;<\/p>\n<p style=\"text-align: justify;\"><strong>D-INVOICE d.o.o.<\/strong><\/p>\n<p style=\"text-align: justify;\">31000 Osijek<\/p>\n<p style=\"text-align: justify;\">Ribarska 10.<\/p>\n<p style=\"text-align: justify;\">Laura Gergelj<\/p>\n<p style=\"text-align: justify;\"><a href=\"mailto:laura@d-invoice.hr\">laura@d-invoice.hr<\/a><\/p>\n<p>&nbsp;<\/p>\n<p style=\"text-align: justify;\"><strong>RADIO PITOMA\u010cA<\/strong><\/p>\n<p style=\"text-align: justify;\">33405 Pitoma\u010da<\/p>\n<p style=\"text-align: justify;\">Trg Kralja Tomislava<\/p>\n<p style=\"text-align: justify;\">Dubravka Igra\u010di\u0107-Bukvi\u0107<\/p>\n<p style=\"text-align: justify;\"><a href=\"mailto:direktor.pitomi@vt.t-com.hr\">direktor.pitomi@vt.t-com.hr<\/a><\/p>\n<p>&nbsp;<\/p>\n<p style=\"text-align: justify;\"><strong>OSJE\u010cKA TELEVIZIJA<\/strong><\/p>\n<p style=\"text-align: justify;\">31000 Osijek<\/p>\n<p style=\"text-align: justify;\">Sv. Leopolda B. Mandi\u0107a<\/p>\n<p style=\"text-align: justify;\">50.a<\/p>\n<p style=\"text-align: justify;\">TC Mall<\/p>\n<p style=\"text-align: justify;\">Ru\u017eica Smol\u010di\u0107<\/p>\n<p style=\"text-align: justify;\"><a href=\"mailto:urednik@ostv.hr\">urednik@ostv.hr<\/a><\/p>\n<p>&nbsp;<\/p>\n<p style=\"text-align: justify;\"><strong>TOURIST BOARD OF THE MUNICIPALITY OF BILJE<\/strong><\/p>\n<p style=\"text-align: justify;\">31 327 BILJE<\/p>\n<p style=\"text-align: justify;\">ul. Kralja Zvonimira 10.<\/p>\n<p style=\"text-align: justify;\">Renata Forjan<\/p>\n<p style=\"text-align: justify;\"><a href=\"mailto:info@tzo.bilje.hr\">info@tzo.bilje.hr<\/a><\/p>\n<p>&nbsp;<\/p>\n<p style=\"text-align: justify;\"><strong>Educational and Cultural Centre of Hungarians in the Republic of Croatia<\/strong><\/p>\n<p style=\"text-align: justify;\">31000 Osijek<\/p>\n<p style=\"text-align: justify;\">Drinska 12A<\/p>\n<p style=\"text-align: justify;\">Mirela Berlan\u010di\u0107<\/p>\n<p style=\"text-align: justify;\"><a href=\"mailto:hmomk@pkcm.hr\">hmomk@pkcm.hr<\/a><\/p>\n","protected":false},"excerpt":{"rendered":"<p>Professional Practice \u2193 Description of Professional Practice \u2193 &nbsp; Second-year graduate students of Communication Studies participate in professional practice, the conditions and requirements of which are set out in the Regulations on Student Professional Practice. Students complete 65 hours of practice (65&#215;45 min.) in radio and television newsrooms, editorial offices of daily and weekly newspapers [&hellip;]<\/p>\n","protected":false},"author":41,"featured_media":0,"parent":122997,"menu_order":0,"comment_status":"closed","ping_status":"closed","template":"","meta":{"_acf_changed":false,"footnotes":""},"class_list":["post-126877","page","type-page","status-publish","hentry"],"acf":[],"_links":{"self":[{"href":"https:\/\/www.ffos.unios.hr\/en\/wp-json\/wp\/v2\/pages\/126877","targetHints":{"allow":["GET"]}}],"collection":[{"href":"https:\/\/www.ffos.unios.hr\/en\/wp-json\/wp\/v2\/pages"}],"about":[{"href":"https:\/\/www.ffos.unios.hr\/en\/wp-json\/wp\/v2\/types\/page"}],"author":[{"embeddable":true,"href":"https:\/\/www.ffos.unios.hr\/en\/wp-json\/wp\/v2\/users\/41"}],"replies":[{"embeddable":true,"href":"https:\/\/www.ffos.unios.hr\/en\/wp-json\/wp\/v2\/comments?post=126877"}],"version-history":[{"count":2,"href":"https:\/\/www.ffos.unios.hr\/en\/wp-json\/wp\/v2\/pages\/126877\/revisions"}],"predecessor-version":[{"id":126879,"href":"https:\/\/www.ffos.unios.hr\/en\/wp-json\/wp\/v2\/pages\/126877\/revisions\/126879"}],"up":[{"embeddable":true,"href":"https:\/\/www.ffos.unios.hr\/en\/wp-json\/wp\/v2\/pages\/122997"}],"wp:attachment":[{"href":"https:\/\/www.ffos.unios.hr\/en\/wp-json\/wp\/v2\/media?parent=126877"}],"curies":[{"name":"wp","href":"https:\/\/api.w.org\/{rel}","templated":true}]}}

<h3 style="text-align: center;"><strong>Professional Practice</strong></h3>
<h3 style="text-align: center;"><span style="color: #ff0000;"><strong>↓ Description of Professional Practice ↓</strong></span></h3>
<p>&nbsp;</p>
<p style="text-align: justify;">Second-year graduate students of Communication Studies participate in professional practice, the conditions and requirements of which are set out in the Regulations on Student Professional Practice.</p>
<p style="text-align: justify;">Students complete 65 hours of practice (65&#215;45 min.) in radio and television newsrooms, editorial offices of daily and weekly newspapers and magazines, tourist board offices, companies, scientific institutions and educational institutions. During the practice, they have the opportunity to become familiar with the details and procedures of journalistic and editorial work, as well as the use of the Hungarian language, and to gain experience in various forms of public communication. During the practice, they are supervised by professional mentors, and at the end of the professional practice students are required to submit the Practice Diary to the practice coordinator.</p>
<p style="text-align: justify;">The Faculty of Humanities and Social Sciences in Osijek cooperates with the following institutions and companies where students can complete their practice: <em>Slavonska Televizija, Osječka Televizija, HRT Centre Osijek, Új Magyar Képesújság, the Drávatáj programme, Radio UNIOS, PITOMI RADIO, Bilje Tourist Board, Educational and Cultural Centre of Hungarians in the Republic of Croatia, Glotta Institute for Language.</em></p>
<p style="text-align: justify;">Students are required to enter the dates of their practice at least two weeks in advance and complete the diary in the application available at: <a href="http://sokrat.ffos.hr/ff-studenti" rel="noopener">http://sokrat.ffos.hr/ff-studenti</a></p>
<p>&nbsp;</p>
<p style="text-align: justify;"><strong>Practice coordinator:</strong><br />
Timea Anita Bockovac: <a href="tbockovac@ffos.hr">tbockovac@ffos.hr</a></p>
<p style="text-align: justify;"><a href="https://www.ffos.unios.hr/wp-content/uploads/2022/02/dnevnik-prakse.docx">practice-diary</a></p>
<p style="text-align: justify;"><a href="https://www.ffos.unios.hr/wp-content/uploads/2022/07/Pravilnik-o-studentskoj-praksi-na-Filozofskom-fakultetu-Sveucilista-Josipa-Jurja-Strossmayera.pdf">regulations-on-student-professional-practice</a></p>
<hr />
<h3 style="text-align: center;"><span style="color: #ff0000;"><strong>↓ List of Current Institutions Where Student Practice Is Organised ↓</strong></span></h3>
<p style="text-align: justify;"><strong> </strong></p>
<p style="text-align: justify;"><strong>INFORMATIVNI CENTAR VIROVITICA d.o.o.</strong></p>
<p style="text-align: justify;">33000 Virovitica</p>
<p style="text-align: justify;">Ferde Rusana 1/9</p>
<p style="text-align: justify;">Robert Cenger</p>
<p style="text-align: justify;"><a href="mailto:robert.cenger@gmail.com">robert.cenger@gmail.com</a></p>
<p>&nbsp;</p>
<p style="text-align: justify;"><strong>RADIO SLAVONIJA-SLAVONSKA POSAVINA d.o.o.</strong></p>
<p style="text-align: justify;">5000 Slavonski Brod</p>
<p style="text-align: justify;">Dr. Mile Budaka 1.</p>
<p style="text-align: justify;">Ankica Galović</p>
<p style="text-align: justify;"><a href="mailto:a.galović.rs@gmail.com">a.galović.rs@gmail.com</a></p>
<p>&nbsp;</p>
<p style="text-align: justify;"><strong>FERIT-RADIO UNIOS</strong></p>
<p style="text-align: justify;">31000 Osijek</p>
<p style="text-align: justify;">Kneza Trpimira 2b</p>
<p style="text-align: justify;">Ana Šokčević</p>
<p style="text-align: justify;"><a href="mailto:ana.šokčević@ferit.hr">ana.šokčević@ferit.hr</a></p>
<p>&nbsp;</p>
<p style="text-align: justify;"><strong>GLOTTA INSTITUTE FOR LANGUAGE</strong></p>
<p style="text-align: justify;">31000 Osijek</p>
<p style="text-align: justify;">Vukovarska 125.</p>
<p style="text-align: justify;">Ana Lehocki Samardžić</p>
<p style="text-align: justify;"><a href="mailto:alehocki@ffos.hr">alehocki@ffos.hr</a></p>
<p>&nbsp;</p>
<p style="text-align: justify;"><strong>D-INVOICE d.o.o.</strong></p>
<p style="text-align: justify;">31000 Osijek</p>
<p style="text-align: justify;">Ribarska 10.</p>
<p style="text-align: justify;">Laura Gergelj</p>
<p style="text-align: justify;"><a href="mailto:laura@d-invoice.hr">laura@d-invoice.hr</a></p>
<p>&nbsp;</p>
<p style="text-align: justify;"><strong>RADIO PITOMAČA</strong></p>
<p style="text-align: justify;">33405 Pitomača</p>
<p style="text-align: justify;">Trg Kralja Tomislava</p>
<p style="text-align: justify;">Dubravka Igračić-Bukvić</p>
<p style="text-align: justify;"><a href="mailto:direktor.pitomi@vt.t-com.hr">direktor.pitomi@vt.t-com.hr</a></p>
<p>&nbsp;</p>
<p style="text-align: justify;"><strong>OSJEČKA TELEVIZIJA</strong></p>
<p style="text-align: justify;">31000 Osijek</p>
<p style="text-align: justify;">Sv. Leopolda B. Mandića</p>
<p style="text-align: justify;">50.a</p>
<p style="text-align: justify;">TC Mall</p>
<p style="text-align: justify;">Ružica Smolčić</p>
<p style="text-align: justify;"><a href="mailto:urednik@ostv.hr">urednik@ostv.hr</a></p>
<p>&nbsp;</p>
<p style="text-align: justify;"><strong>TOURIST BOARD OF THE MUNICIPALITY OF BILJE</strong></p>
<p style="text-align: justify;">31 327 BILJE</p>
<p style="text-align: justify;">ul. Kralja Zvonimira 10.</p>
<p style="text-align: justify;">Renata Forjan</p>
<p style="text-align: justify;"><a href="mailto:info@tzo.bilje.hr">info@tzo.bilje.hr</a></p>
<p>&nbsp;</p>
<p style="text-align: justify;"><strong>Educational and Cultural Centre of Hungarians in the Republic of Croatia</strong></p>
<p style="text-align: justify;">31000 Osijek</p>
<p style="text-align: justify;">Drinska 12A</p>
<p style="text-align: justify;">Mirela Berlančić</p>
<p style="text-align: justify;"><a href="mailto:hmomk@pkcm.hr">hmomk@pkcm.hr</a></p>
