{"id":127424,"date":"2021-09-06T14:03:14","date_gmt":"2021-09-06T12:03:14","guid":{"rendered":"https:\/\/www.ffos.unios.hr\/science-portal\/centers\/centre-for-research-on-cultural-identity-and-regional-heritage\/kontakti\/"},"modified":"2026-09-04T15:44:47","modified_gmt":"2026-09-04T13:44:47","slug":"contacts","status":"publish","type":"page","link":"https:\/\/www.ffos.unios.hr\/en\/science-portal\/centers\/centre-for-research-on-cultural-identity-and-regional-heritage\/contacts\/","title":{"rendered":"Contacts"},"content":{"rendered":"<ul>\n<li><strong>official email address<\/strong> \/ <a href=\"mailto:cekuid@ffos.hr\">cekuid@ffos.hr<\/a><\/li>\n<li><strong>Associate Professor Kristina Feldvari, PhD<\/strong> \/ Head \/ Department of Information Sciences \/ <a href=\"mailto:kfeldvari@ffos.hr\">kfeldvari@ffos.hr<\/a><\/li>\n<li><strong>Associate Professor Melita Aleksa Varga, PhD<\/strong> \/ Deputy Head \/ Department of German Language and Literature \/ <a href=\"mailto:maleksa@ffos.hr\">maleksa@ffos.hr<\/a><\/li>\n<li><strong>Associate Professor Ana Lehocki-Samard\u017ei\u0107, PhD<\/strong> \/ Chair of Hungarian Language and Literature \/ <a href=\"mailto:alehocki@ffos.hr\">alehocki@ffos.hr<\/a><\/li>\n<li><strong>Associate Professor Denis Njari, PhD<\/strong><strong> <\/strong>\/ Department of History \/ <a href=\"mailto:dnjari@ffos.hr\">dnjari@ffos.hr<\/a><\/li>\n<li><strong>Assistant Professor Tihana Lubina, PhD<\/strong> \/ Department of Information Sciences \/ <a href=\"mailto:tlubina@ffos.hr\">tlubina@ffos.hr<\/a><\/li>\n<li><strong>Assistant Professor Timea Anita Bockovac, PhD<\/strong><strong> <\/strong>\/ Chair of Hungarian Language and Literature \/ <a href=\"mailto:tbockovac@ffos.hr\">tbockovac@ffos.hr<\/a><\/li>\n<li><strong>Assistant Professor Marija Erl \u0160afar, PhD<\/strong> \/ Department of Information Sciences \/ <a href=\"mailto:merlsafar@ffos.hr\">merlsafar@ffos.hr<\/a><\/li>\n<li><strong>Associate Professor Domagoj Tomas, PhD<\/strong> \/ Department of History \/ <a href=\"mailto:dtomas@ffos.hr\">dtomas@ffos.hr<\/a><\/li>\n<li><strong>Associate Professor An\u0111elko Vla\u0161i\u0107, PhD <\/strong>\/ Department of History \/ <a href=\"mailto:avlasic@ffos.hr\">avlasic@ffos.hr<\/a><\/li>\n<li><strong>\u00c1d\u00e1m Walk\u00f3, PhD<\/strong> \/ Chair of Hungarian Language and Literature \/ <a href=\"mailto:awalko@ffos.hr\">awalko@ffos.hr<\/a><\/li>\n<li><strong>Kristina Ki\u0161, Senior Librarian<\/strong> \/ Library \/ <a href=\"mailto:kmitric@ffos.hr\">kmitric@ffos.hr<\/a><\/li>\n<\/ul>\n","protected":false},"excerpt":{"rendered":"<p>official email address \/ cekuid@ffos.hr Associate Professor Kristina Feldvari, PhD \/ Head \/ Department of Information Sciences \/ kfeldvari@ffos.hr Associate Professor Melita Aleksa Varga, PhD \/ Deputy Head \/ Department of German Language and Literature \/ maleksa@ffos.hr Associate Professor Ana Lehocki-Samard\u017ei\u0107, PhD \/ Chair of Hungarian Language and Literature \/ alehocki@ffos.hr Associate Professor Denis Njari, [&hellip;]<\/p>\n","protected":false},"author":29,"featured_media":0,"parent":124926,"menu_order":6,"comment_status":"closed","ping_status":"closed","template":"","meta":{"_acf_changed":false,"footnotes":""},"class_list":["post-127424","page","type-page","status-publish","hentry"],"acf":[],"_links":{"self":[{"href":"https:\/\/www.ffos.unios.hr\/en\/wp-json\/wp\/v2\/pages\/127424","targetHints":{"allow":["GET"]}}],"collection":[{"href":"https:\/\/www.ffos.unios.hr\/en\/wp-json\/wp\/v2\/pages"}],"about":[{"href":"https:\/\/www.ffos.unios.hr\/en\/wp-json\/wp\/v2\/types\/page"}],"author":[{"embeddable":true,"href":"https:\/\/www.ffos.unios.hr\/en\/wp-json\/wp\/v2\/users\/29"}],"replies":[{"embeddable":true,"href":"https:\/\/www.ffos.unios.hr\/en\/wp-json\/wp\/v2\/comments?post=127424"}],"version-history":[{"count":2,"href":"https:\/\/www.ffos.unios.hr\/en\/wp-json\/wp\/v2\/pages\/127424\/revisions"}],"predecessor-version":[{"id":127426,"href":"https:\/\/www.ffos.unios.hr\/en\/wp-json\/wp\/v2\/pages\/127424\/revisions\/127426"}],"up":[{"embeddable":true,"href":"https:\/\/www.ffos.unios.hr\/en\/wp-json\/wp\/v2\/pages\/124926"}],"wp:attachment":[{"href":"https:\/\/www.ffos.unios.hr\/en\/wp-json\/wp\/v2\/media?parent=127424"}],"curies":[{"name":"wp","href":"https:\/\/api.w.org\/{rel}","templated":true}]}}

<ul>
<li><strong>official email address</strong> / <a href="mailto:cekuid@ffos.hr">cekuid@ffos.hr</a></li>
<li><strong>Associate Professor Kristina Feldvari, PhD</strong> / Head / Department of Information Sciences / <a href="mailto:kfeldvari@ffos.hr">kfeldvari@ffos.hr</a></li>
<li><strong>Associate Professor Melita Aleksa Varga, PhD</strong> / Deputy Head / Department of German Language and Literature / <a href="mailto:maleksa@ffos.hr">maleksa@ffos.hr</a></li>
<li><strong>Associate Professor Ana Lehocki-Samardžić, PhD</strong> / Chair of Hungarian Language and Literature / <a href="mailto:alehocki@ffos.hr">alehocki@ffos.hr</a></li>
<li><strong>Associate Professor Denis Njari, PhD</strong><strong> </strong>/ Department of History / <a href="mailto:dnjari@ffos.hr">dnjari@ffos.hr</a></li>
<li><strong>Assistant Professor Tihana Lubina, PhD</strong> / Department of Information Sciences / <a href="mailto:tlubina@ffos.hr">tlubina@ffos.hr</a></li>
<li><strong>Assistant Professor Timea Anita Bockovac, PhD</strong><strong> </strong>/ Chair of Hungarian Language and Literature / <a href="mailto:tbockovac@ffos.hr">tbockovac@ffos.hr</a></li>
<li><strong>Assistant Professor Marija Erl Šafar, PhD</strong> / Department of Information Sciences / <a href="mailto:merlsafar@ffos.hr">merlsafar@ffos.hr</a></li>
<li><strong>Associate Professor Domagoj Tomas, PhD</strong> / Department of History / <a href="mailto:dtomas@ffos.hr">dtomas@ffos.hr</a></li>
<li><strong>Associate Professor Anđelko Vlašić, PhD </strong>/ Department of History / <a href="mailto:avlasic@ffos.hr">avlasic@ffos.hr</a></li>
<li><strong>Ádám Walkó, PhD</strong> / Chair of Hungarian Language and Literature / <a href="mailto:awalko@ffos.hr">awalko@ffos.hr</a></li>
<li><strong>Kristina Kiš, Senior Librarian</strong> / Library / <a href="mailto:kmitric@ffos.hr">kmitric@ffos.hr</a></li>
</ul>

<p>official email address / cekuid@ffos.hr Associate Professor Kristina Feldvari, PhD / Head / Department of Information Sciences / kfeldvari@ffos.hr Associate Professor Melita Aleksa Varga, PhD / Deputy Head / Department of German Language and Literature / maleksa@ffos.hr Associate Professor Ana Lehocki-Samardžić, PhD / Chair of Hungarian Language and Literature / alehocki@ffos.hr Associate Professor Denis Njari, [&hellip;]</p>
